Last updated on 2025-10-22 05:51:14 CEST.
Flavor | Version | Tinstall | Tcheck | Ttotal | Status | Flags |
---|---|---|---|---|---|---|
r-devel-linux-x86_64-debian-clang | 0.1.6 | 20.34 | 52.23 | 72.57 | NOTE | |
r-devel-linux-x86_64-debian-gcc | 0.1.6 | 15.42 | 38.51 | 53.93 | NOTE | |
r-devel-linux-x86_64-fedora-clang | 0.1.6 | 44.00 | 64.44 | 108.44 | OK | |
r-devel-linux-x86_64-fedora-gcc | 0.1.6 | 52.00 | 75.99 | 127.99 | OK | |
r-devel-windows-x86_64 | 0.1.6 | 40.00 | 76.00 | 116.00 | OK | |
r-patched-linux-x86_64 | 0.1.6 | 20.78 | 48.84 | 69.62 | OK | |
r-release-linux-x86_64 | 0.1.6 | 21.04 | 48.80 | 69.84 | OK | |
r-release-macos-arm64 | 0.1.6 | 14.00 | 71.00 | 85.00 | OK | |
r-release-macos-x86_64 | 0.1.6 | 27.00 | 72.00 | 99.00 | OK | |
r-release-windows-x86_64 | 0.1.6 | 38.00 | 78.00 | 116.00 | OK | |
r-oldrel-macos-arm64 | 0.1.6 | 11.00 | 50.00 | 61.00 | OK | |
r-oldrel-macos-x86_64 | 0.1.6 | 20.00 | 91.00 | 111.00 | OK | |
r-oldrel-windows-x86_64 | 0.1.6 | 39.00 | 87.00 | 126.00 | OK |
Version: 0.1.6
Check: HTML version of manual
Result: NOTE
Found the following HTML validation problems:
Conversion-methods.html:49:1 (Conversion-methods.Rd:104): Warning: missing </ul> before </div>
IP-package.html:132:1 (IP-package.Rd:97): Warning: missing </ul> before </div>
Flavors: r-devel-linux-x86_64-debian-clang, r-devel-linux-x86_64-debian-gcc