Last updated on 2025-10-22 05:51:14 CEST.
Flavor | Version | Tinstall | Tcheck | Ttotal | Status | Flags |
---|---|---|---|---|---|---|
r-devel-linux-x86_64-debian-clang | 2.5.5 | 28.60 | 253.24 | 281.84 | NOTE | |
r-devel-linux-x86_64-debian-gcc | 2.5.5 | 17.98 | 158.06 | 176.04 | NOTE | |
r-devel-linux-x86_64-fedora-clang | 2.5.5 | 70.00 | 366.59 | 436.59 | NOTE | |
r-devel-linux-x86_64-fedora-gcc | 2.5.5 | 65.00 | 353.44 | 418.44 | NOTE | |
r-devel-windows-x86_64 | 2.5.5 | 28.00 | 208.00 | 236.00 | NOTE | |
r-patched-linux-x86_64 | 2.5.5 | 30.13 | 236.38 | 266.51 | NOTE | |
r-release-linux-x86_64 | 2.5.5 | 26.90 | 239.03 | 265.93 | NOTE | |
r-release-macos-arm64 | 2.5.5 | 11.00 | 81.00 | 92.00 | NOTE | |
r-release-macos-x86_64 | 2.5.5 | 23.00 | 167.00 | 190.00 | NOTE | |
r-release-windows-x86_64 | 2.5.5 | 28.00 | 204.00 | 232.00 | NOTE | |
r-oldrel-macos-arm64 | 2.5.5 | 11.00 | 77.00 | 88.00 | NOTE | |
r-oldrel-macos-x86_64 | 2.5.5 | 17.00 | 123.00 | 140.00 | NOTE | |
r-oldrel-windows-x86_64 | 2.5.5 | 40.00 | 275.00 | 315.00 | NOTE |
Version: 2.5.5
Check: Rd files
Result: NOTE
checkRd: (-1) is_israd_database.Rd:19: Lost braces in \itemize; meant \describe ?
checkRd: (-1) is_israd_database.Rd:20: Lost braces in \itemize; meant \describe ?
checkRd: (-1) is_israd_database.Rd:21: Lost braces in \itemize; meant \describe ?
checkRd: (-1) is_israd_database.Rd:22: Lost braces in \itemize; meant \describe ?
checkRd: (-1) is_israd_database.Rd:23: Lost braces in \itemize; meant \describe ?
checkRd: (-1) is_israd_database.Rd:24: Lost braces in \itemize; meant \describe ?
checkRd: (-1) is_israd_database.Rd:25: Lost braces in \itemize; meant \describe ?
checkRd: (-1) is_israd_database.Rd:26: Lost braces in \itemize; meant \describe ?
Flavors: r-devel-linux-x86_64-debian-clang, r-devel-linux-x86_64-debian-gcc, r-devel-linux-x86_64-fedora-clang, r-devel-linux-x86_64-fedora-gcc, r-devel-windows-x86_64, r-patched-linux-x86_64, r-release-linux-x86_64, r-release-macos-arm64, r-release-macos-x86_64, r-release-windows-x86_64, r-oldrel-macos-arm64, r-oldrel-macos-x86_64, r-oldrel-windows-x86_64