Last updated on 2025-10-24 04:50:56 CEST.
| Flavor | Version | Tinstall | Tcheck | Ttotal | Status | Flags |
|---|---|---|---|---|---|---|
| r-devel-linux-x86_64-debian-clang | 1.1.3 | 3.02 | 168.21 | 171.23 | NOTE | |
| r-devel-linux-x86_64-debian-gcc | 1.1.3 | 2.29 | 100.25 | 102.54 | OK | |
| r-devel-linux-x86_64-fedora-clang | 1.1.3 | 263.42 | NOTE | |||
| r-devel-linux-x86_64-fedora-gcc | 1.1.3 | 248.15 | NOTE | |||
| r-devel-windows-x86_64 | 1.1.3 | 5.00 | 268.00 | 273.00 | OK | |
| r-patched-linux-x86_64 | 1.1.3 | 4.11 | 165.18 | 169.29 | OK | |
| r-release-linux-x86_64 | 1.1.3 | 3.52 | 167.23 | 170.75 | OK | |
| r-release-macos-arm64 | 1.1.3 | 2.00 | 98.00 | 100.00 | OK | |
| r-release-macos-x86_64 | 1.1.3 | 3.00 | 125.00 | 128.00 | OK | |
| r-release-windows-x86_64 | 1.1.3 | 5.00 | 265.00 | 270.00 | OK | |
| r-oldrel-macos-arm64 | 1.1.3 | 2.00 | 71.00 | 73.00 | OK | |
| r-oldrel-macos-x86_64 | 1.1.3 | 3.00 | 102.00 | 105.00 | OK | |
| r-oldrel-windows-x86_64 | 1.1.3 | 6.00 | 355.00 | 361.00 | OK |
Version: 1.1.3
Check: HTML version of manual
Result: NOTE
Found the following HTML validation problems:
print.interVA5_summary.html:51:1 (print.interVA5_summary.Rd:12): Warning: missing </ul> before </div>
Flavor: r-devel-linux-x86_64-debian-clang
Version: 1.1.3
Check: dependencies in R code
Result: NOTE
Namespaces in Imports field not imported from:
‘curl’ ‘readxl’
All declared Imports should be used.
Flavors: r-devel-linux-x86_64-fedora-clang, r-devel-linux-x86_64-fedora-gcc