Last updated on 2025-07-20 11:50:05 CEST.
Flavor | Version | Tinstall | Tcheck | Ttotal | Status | Flags |
---|---|---|---|---|---|---|
r-devel-linux-x86_64-debian-clang | 0.5-7 | 96.27 | 131.56 | 227.83 | OK | |
r-devel-linux-x86_64-debian-gcc | 0.5-7 | 57.62 | 88.57 | 146.19 | OK | |
r-devel-linux-x86_64-fedora-clang | 0.5-7 | 329.21 | OK | |||
r-devel-linux-x86_64-fedora-gcc | 0.5-7 | 340.77 | OK | |||
r-devel-windows-x86_64 | 0.5-7 | 84.00 | 146.00 | 230.00 | OK | |
r-patched-linux-x86_64 | 0.5-7 | 82.51 | 122.69 | 205.20 | OK | |
r-release-linux-x86_64 | 0.5-7 | 78.53 | 120.87 | 199.40 | OK | |
r-release-macos-arm64 | 0.5-7 | 91.00 | OK | |||
r-release-macos-x86_64 | 0.5-7 | 169.00 | OK | |||
r-release-windows-x86_64 | 0.5-7 | 82.00 | 146.00 | 228.00 | OK | |
r-oldrel-macos-arm64 | 0.5-7 | 86.00 | NOTE | |||
r-oldrel-macos-x86_64 | 0.5-7 | 143.00 | NOTE | |||
r-oldrel-windows-x86_64 | 0.5-7 | 100.00 | 183.00 | 283.00 | OK |
Version: 0.5-7
Check: installed package size
Result: NOTE
installed size is 10.7Mb
sub-directories of 1Mb or more:
libs 9.8Mb
Flavors: r-oldrel-macos-arm64, r-oldrel-macos-x86_64