Last updated on 2025-10-24 04:50:56 CEST.
| Flavor | Version | Tinstall | Tcheck | Ttotal | Status | Flags |
|---|---|---|---|---|---|---|
| r-devel-linux-x86_64-debian-clang | 1.0 | 1.91 | 20.74 | 22.65 | NOTE | |
| r-devel-linux-x86_64-debian-gcc | 1.0 | 1.49 | 17.07 | 18.56 | NOTE | |
| r-devel-linux-x86_64-fedora-clang | 1.0 | 31.73 | OK | |||
| r-devel-linux-x86_64-fedora-gcc | 1.0 | 29.84 | OK | |||
| r-devel-windows-x86_64 | 1.0 | 4.00 | 39.00 | 43.00 | OK | |
| r-patched-linux-x86_64 | 1.0 | 1.93 | 19.42 | 21.35 | OK | |
| r-release-linux-x86_64 | 1.0 | 1.72 | 19.51 | 21.23 | OK | |
| r-release-macos-arm64 | 1.0 | 1.00 | 15.00 | 16.00 | OK | |
| r-release-macos-x86_64 | 1.0 | 2.00 | 21.00 | 23.00 | OK | |
| r-release-windows-x86_64 | 1.0 | 3.00 | 43.00 | 46.00 | OK | |
| r-oldrel-macos-arm64 | 1.0 | 1.00 | 14.00 | 15.00 | OK | |
| r-oldrel-macos-x86_64 | 1.0 | 1.00 | 19.00 | 20.00 | OK | |
| r-oldrel-windows-x86_64 | 1.0 | 3.00 | 45.00 | 48.00 | OK |
Version: 1.0
Check: CRAN incoming feasibility
Result: NOTE
Maintainer: ‘Ashwini Maurya <mauryaas@msu.edu>’
No Authors@R field in DESCRIPTION.
Please add one, modifying
Authors@R: person(given = "Ashwini",
family = "Maurya",
role = c("aut", "cre"),
email = "mauryaas@msu.edu")
as necessary.
Flavors: r-devel-linux-x86_64-debian-clang, r-devel-linux-x86_64-debian-gcc