CRAN Package Check Results for Package JamendoR

Last updated on 2025-10-22 05:51:14 CEST.

Flavor Version Tinstall Tcheck Ttotal Status Flags
r-devel-linux-x86_64-debian-clang 0.1.1 5.00 44.67 49.67 NOTE
r-devel-linux-x86_64-debian-gcc 0.1.1 3.04 32.48 35.52 NOTE
r-devel-linux-x86_64-fedora-clang 0.1.1 10.00 59.25 69.25 OK
r-devel-linux-x86_64-fedora-gcc 0.1.1 64.60 OK
r-devel-windows-x86_64 0.1.1 7.00 68.00 75.00 OK
r-patched-linux-x86_64 0.1.1 4.40 39.64 44.04 OK
r-release-linux-x86_64 0.1.1 4.56 40.01 44.57 OK
r-release-macos-arm64 0.1.1 3.00 26.00 29.00 OK
r-release-macos-x86_64 0.1.1 4.00 37.00 41.00 OK
r-release-windows-x86_64 0.1.1 7.00 71.00 78.00 OK
r-oldrel-macos-arm64 0.1.1 2.00 22.00 24.00 OK
r-oldrel-macos-x86_64 0.1.1 3.00 38.00 41.00 OK
r-oldrel-windows-x86_64 0.1.1 8.00 77.00 85.00 OK

Check Details

Version: 0.1.1
Check: HTML version of manual
Result: NOTE Found the following HTML validation problems: controlInputVariables.html:52:1 (controlInputVariables.Rd:12): Warning: missing </ul> before </div> Flavors: r-devel-linux-x86_64-debian-clang, r-devel-linux-x86_64-debian-gcc