Last updated on 2025-10-22 05:51:15 CEST.
Flavor | Version | Tinstall | Tcheck | Ttotal | Status | Flags |
---|---|---|---|---|---|---|
r-devel-linux-x86_64-debian-clang | 2.3.0 | 15.31 | 111.46 | 126.77 | NOTE | |
r-devel-linux-x86_64-debian-gcc | 2.3.0 | 12.01 | 89.36 | 101.37 | NOTE | |
r-devel-linux-x86_64-fedora-clang | 2.3.0 | 33.00 | 165.69 | 198.69 | OK | |
r-devel-linux-x86_64-fedora-gcc | 2.3.0 | 33.00 | 151.25 | 184.25 | OK | |
r-devel-windows-x86_64 | 2.3.0 | 15.00 | 106.00 | 121.00 | OK | |
r-patched-linux-x86_64 | 2.3.0 | 15.22 | 108.75 | 123.97 | OK | |
r-release-linux-x86_64 | 2.3.0 | 15.44 | 108.80 | 124.24 | OK | |
r-release-macos-arm64 | 2.3.0 | 11.00 | 66.00 | 77.00 | OK | |
r-release-macos-x86_64 | 2.3.0 | 15.00 | 96.00 | 111.00 | OK | |
r-release-windows-x86_64 | 2.3.0 | 15.00 | 107.00 | 122.00 | OK | |
r-oldrel-macos-arm64 | 2.3.0 | 10.00 | 59.00 | 69.00 | OK | |
r-oldrel-macos-x86_64 | 2.3.0 | 12.00 | 71.00 | 83.00 | OK | |
r-oldrel-windows-x86_64 | 2.3.0 | 20.00 | 133.00 | 153.00 | OK |
Version: 2.3.0
Check: HTML version of manual
Result: NOTE
Found the following HTML validation problems:
dshape3dProp.html:93:1 (dshape3dProp.Rd:39): Warning: missing </ul> before </div>
Flavors: r-devel-linux-x86_64-debian-clang, r-devel-linux-x86_64-debian-gcc