Last updated on 2025-10-22 05:51:15 CEST.
Flavor | Version | Tinstall | Tcheck | Ttotal | Status | Flags |
---|---|---|---|---|---|---|
r-devel-linux-x86_64-debian-clang | 0.2.1 | 6.33 | 68.20 | 74.53 | OK | |
r-devel-linux-x86_64-debian-gcc | 0.2.1 | 4.45 | 50.34 | 54.79 | OK | |
r-devel-linux-x86_64-fedora-clang | 0.2.1 | 14.00 | 101.01 | 115.01 | NOTE | |
r-devel-linux-x86_64-fedora-gcc | 0.2.1 | 13.00 | 108.35 | 121.35 | NOTE | |
r-devel-windows-x86_64 | 0.2.1 | 8.00 | 81.00 | 89.00 | OK | |
r-patched-linux-x86_64 | 0.2.1 | 5.98 | 63.90 | 69.88 | OK | |
r-release-linux-x86_64 | 0.2.1 | 5.87 | 63.93 | 69.80 | OK | |
r-release-macos-arm64 | 0.2.1 | 3.00 | 45.00 | 48.00 | OK | |
r-release-macos-x86_64 | 0.2.1 | 4.00 | 75.00 | 79.00 | OK | |
r-release-windows-x86_64 | 0.2.1 | 9.00 | 80.00 | 89.00 | OK | |
r-oldrel-macos-arm64 | 0.2.1 | 2.00 | 30.00 | 32.00 | OK | |
r-oldrel-macos-x86_64 | 0.2.1 | 4.00 | 50.00 | 54.00 | OK | |
r-oldrel-windows-x86_64 | 0.2.1 | 11.00 | 97.00 | 108.00 | OK |
Version: 0.2.1
Check: dependencies in R code
Result: NOTE
Namespaces in Imports field not imported from:
‘dplyr’ ‘tibble’
All declared Imports should be used.
Flavors: r-devel-linux-x86_64-fedora-clang, r-devel-linux-x86_64-fedora-gcc