Last updated on 2025-10-22 05:51:16 CEST.
Flavor | Version | Tinstall | Tcheck | Ttotal | Status | Flags |
---|---|---|---|---|---|---|
r-devel-linux-x86_64-debian-clang | 3.11.10 | 18.30 | 279.88 | 298.18 | NOTE | |
r-devel-linux-x86_64-debian-gcc | 3.11.10 | 12.72 | 182.37 | 195.09 | NOTE | |
r-devel-linux-x86_64-fedora-clang | 3.11.10 | 39.00 | 400.15 | 439.15 | OK | |
r-devel-linux-x86_64-fedora-gcc | 3.11.10 | 52.00 | 430.95 | 482.95 | OK | |
r-devel-windows-x86_64 | 3.11.10 | 20.00 | 285.00 | 305.00 | OK | |
r-patched-linux-x86_64 | 3.11.10 | 23.31 | 264.11 | 287.42 | OK | |
r-release-linux-x86_64 | 3.11.10 | 18.64 | 262.03 | 280.67 | OK | |
r-release-macos-arm64 | 3.11.10 | 8.00 | 148.00 | 156.00 | OK | |
r-release-macos-x86_64 | 3.11.10 | 20.00 | 237.00 | 257.00 | OK | |
r-release-windows-x86_64 | 3.11.10 | 20.00 | 292.00 | 312.00 | OK | |
r-oldrel-macos-arm64 | 3.11.10 | 9.00 | 104.00 | 113.00 | NOTE | |
r-oldrel-macos-x86_64 | 3.11.10 | 15.00 | 230.00 | 245.00 | NOTE | |
r-oldrel-windows-x86_64 | 3.11.10 | 29.00 | 352.00 | 381.00 | NOTE |
Version: 3.11.10
Check: HTML version of manual
Result: NOTE
Found the following HTML validation problems:
MARSSfit.html:54:1 (MARSSfit.Rd:12): Warning: missing </ul> before </div>
Flavors: r-devel-linux-x86_64-debian-clang, r-devel-linux-x86_64-debian-gcc
Version: 3.11.10
Check: package dependencies
Result: NOTE
Package suggested but not available for checking: ‘marssTMB’
Flavors: r-oldrel-macos-arm64, r-oldrel-macos-x86_64, r-oldrel-windows-x86_64