CRAN Package Check Results for Package MCOE

Last updated on 2025-10-22 05:51:16 CEST.

Flavor Version Tinstall Tcheck Ttotal Status Flags
r-devel-linux-x86_64-debian-clang 0.4.0 6.72 50.62 57.34 NOTE
r-devel-linux-x86_64-debian-gcc 0.4.0 5.29 36.41 41.70 NOTE
r-devel-linux-x86_64-fedora-clang 0.4.0 15.00 68.53 83.53 NOTE
r-devel-linux-x86_64-fedora-gcc 0.4.0 35.00 51.38 86.38 NOTE
r-devel-windows-x86_64 0.4.0 10.00 63.00 73.00 NOTE
r-patched-linux-x86_64 0.4.0 7.04 46.16 53.20 NOTE
r-release-linux-x86_64 0.4.0 5.39 45.90 51.29 NOTE
r-release-macos-arm64 0.4.0 4.00 38.00 42.00 NOTE
r-release-macos-x86_64 0.4.0 6.00 38.00 44.00 NOTE
r-release-windows-x86_64 0.4.0 9.00 63.00 72.00 NOTE
r-oldrel-macos-arm64 0.4.0 2.00 23.00 25.00 OK
r-oldrel-macos-x86_64 0.4.0 4.00 33.00 37.00 OK
r-oldrel-windows-x86_64 0.4.0 10.00 78.00 88.00 OK

Check Details

Version: 0.4.0
Check: DESCRIPTION meta-information
Result: NOTE Missing dependency on R >= 4.1.0 because package code uses the pipe |> or function shorthand \(...) syntax added in R 4.1.0. File(s) using such syntax: ‘left_join_codebook.Rd’ ‘setup_dir.R’ Flavors: r-devel-linux-x86_64-debian-clang, r-devel-linux-x86_64-debian-gcc, r-devel-linux-x86_64-fedora-clang, r-devel-linux-x86_64-fedora-gcc, r-devel-windows-x86_64, r-patched-linux-x86_64, r-release-linux-x86_64, r-release-macos-arm64, r-release-macos-x86_64, r-release-windows-x86_64