Last updated on 2025-10-22 05:51:16 CEST.
Flavor | Version | Tinstall | Tcheck | Ttotal | Status | Flags |
---|---|---|---|---|---|---|
r-devel-linux-x86_64-debian-clang | 0.5 | 34.52 | 62.39 | 96.91 | OK | |
r-devel-linux-x86_64-debian-gcc | 0.5 | 26.17 | 47.59 | 73.76 | OK | |
r-devel-linux-x86_64-fedora-clang | 0.5 | 170.00 | -0.39 | 169.61 | OK | |
r-devel-linux-x86_64-fedora-gcc | 0.5 | 155.00 | 19.61 | 174.61 | OK | |
r-devel-windows-x86_64 | 0.5 | 41.00 | 100.00 | 141.00 | OK | |
r-patched-linux-x86_64 | 0.5 | 39.06 | 59.89 | 98.95 | OK | |
r-release-linux-x86_64 | 0.5 | 38.54 | 60.25 | 98.79 | OK | |
r-release-macos-arm64 | 0.5 | 17.00 | 34.00 | 51.00 | OK | |
r-release-macos-x86_64 | 0.5 | 30.00 | 62.00 | 92.00 | OK | |
r-release-windows-x86_64 | 0.5 | 42.00 | 94.00 | 136.00 | OK | |
r-oldrel-macos-arm64 | 0.5 | 14.00 | 31.00 | 45.00 | NOTE | |
r-oldrel-macos-x86_64 | 0.5 | 21.00 | 46.00 | 67.00 | NOTE | |
r-oldrel-windows-x86_64 | 0.5 | 46.00 | 119.00 | 165.00 | OK |
Version: 0.5
Check: installed package size
Result: NOTE
installed size is 5.9Mb
sub-directories of 1Mb or more:
libs 5.4Mb
Flavors: r-oldrel-macos-arm64, r-oldrel-macos-x86_64