Last updated on 2025-10-22 05:51:16 CEST.
Flavor | Version | Tinstall | Tcheck | Ttotal | Status | Flags |
---|---|---|---|---|---|---|
r-devel-linux-x86_64-debian-clang | 0.3.0 | 8.91 | 88.91 | 97.82 | NOTE | |
r-devel-linux-x86_64-debian-gcc | 0.3.0 | 5.83 | 62.13 | 67.96 | NOTE | |
r-devel-linux-x86_64-fedora-clang | 0.3.0 | 17.00 | 124.69 | 141.69 | OK | |
r-devel-linux-x86_64-fedora-gcc | 0.3.0 | 28.00 | 132.95 | 160.95 | OK | |
r-devel-windows-x86_64 | 0.3.0 | 10.00 | 103.00 | 113.00 | OK | |
r-patched-linux-x86_64 | 0.3.0 | 7.54 | 78.75 | 86.29 | OK | |
r-release-linux-x86_64 | 0.3.0 | 6.94 | 78.86 | 85.80 | OK | |
r-release-macos-arm64 | 0.3.0 | 3.00 | 38.00 | 41.00 | OK | |
r-release-macos-x86_64 | 0.3.0 | 6.00 | 83.00 | 89.00 | OK | |
r-release-windows-x86_64 | 0.3.0 | 11.00 | 94.00 | 105.00 | OK | |
r-oldrel-macos-arm64 | 0.3.0 | 4.00 | 42.00 | 46.00 | OK | |
r-oldrel-macos-x86_64 | 0.3.0 | 6.00 | 73.00 | 79.00 | OK | |
r-oldrel-windows-x86_64 | 0.3.0 | 14.00 | 116.00 | 130.00 | OK |
Version: 0.3.0
Check: HTML version of manual
Result: NOTE
Found the following HTML validation problems:
agriculture.html:66:1 (agriculture.Rd:21): Warning: missing </ul> before </div>
horticulturae.html:66:1 (horticulturae.Rd:21): Warning: missing </ul> before </div>
Flavors: r-devel-linux-x86_64-debian-clang, r-devel-linux-x86_64-debian-gcc