Last updated on 2025-10-24 04:50:58 CEST.
| Flavor | Version | Tinstall | Tcheck | Ttotal | Status | Flags |
|---|---|---|---|---|---|---|
| r-devel-linux-x86_64-debian-clang | 0.9-3 | 6.46 | 42.18 | 48.64 | NOTE | |
| r-devel-linux-x86_64-debian-gcc | 0.9-3 | 4.37 | 31.94 | 36.31 | NOTE | |
| r-devel-linux-x86_64-fedora-clang | 0.9-3 | 12.00 | 60.15 | 72.15 | NOTE | |
| r-devel-linux-x86_64-fedora-gcc | 0.9-3 | 42.00 | 32.20 | 74.20 | NOTE | |
| r-devel-windows-x86_64 | 0.9-3 | 8.00 | 69.00 | 77.00 | NOTE | |
| r-patched-linux-x86_64 | 0.9-3 | 6.74 | 40.05 | 46.79 | NOTE | |
| r-release-linux-x86_64 | 0.9-3 | 5.44 | 39.97 | 45.41 | NOTE | |
| r-release-macos-arm64 | 0.9-3 | 3.00 | 25.00 | 28.00 | NOTE | |
| r-release-macos-x86_64 | 0.9-3 | 6.00 | 42.00 | 48.00 | NOTE | |
| r-release-windows-x86_64 | 0.9-3 | 8.00 | 72.00 | 80.00 | NOTE | |
| r-oldrel-macos-arm64 | 0.9-3 | 3.00 | 23.00 | 26.00 | NOTE | |
| r-oldrel-macos-x86_64 | 0.9-3 | 7.00 | 44.00 | 51.00 | NOTE | |
| r-oldrel-windows-x86_64 | 0.9-3 | 9.00 | 85.00 | 94.00 | NOTE |
Version: 0.9-3
Check: CRAN incoming feasibility
Result: NOTE
Maintainer: ‘Steve Walker <steve.walker@utoronto.ca>’
No Authors@R field in DESCRIPTION.
Please add one, modifying
Authors@R: c(person(given = "Douglas",
family = "Bates",
role = "aut",
email = "bates@stat.wisc.edu"),
person(given = "Martin",
family = "Maechler",
role = "aut",
email = "maechler@R-project.org"),
person(given = "Ben",
family = "Bolker",
role = "aut",
email = "bbolker@gmail.com"),
person(given = "Steve",
family = "Walker",
role = "cre",
email = "steve.walker@utoronto.ca"))
as necessary.
Flavors: r-devel-linux-x86_64-debian-clang, r-devel-linux-x86_64-debian-gcc
Version: 0.9-3
Check: Rd files
Result: NOTE
checkRd: (-1) Soybean.Rd:15: Escaped LaTeX specials: \#
checkRd: (-1) Soybean.Rd:33: Escaped LaTeX specials: \#
Flavors: r-devel-linux-x86_64-debian-clang, r-devel-linux-x86_64-debian-gcc, r-devel-linux-x86_64-fedora-clang, r-devel-linux-x86_64-fedora-gcc, r-devel-windows-x86_64, r-patched-linux-x86_64, r-release-linux-x86_64, r-release-macos-arm64, r-release-macos-x86_64, r-release-windows-x86_64, r-oldrel-macos-arm64, r-oldrel-macos-x86_64, r-oldrel-windows-x86_64