Last updated on 2025-10-22 05:51:17 CEST.
Flavor | Version | Tinstall | Tcheck | Ttotal | Status | Flags |
---|---|---|---|---|---|---|
r-devel-linux-x86_64-debian-clang | 1.6.1 | 2.66 | 23.20 | 25.86 | NOTE | |
r-devel-linux-x86_64-debian-gcc | 1.6.1 | 2.00 | 18.64 | 20.64 | NOTE | |
r-devel-linux-x86_64-fedora-clang | 1.6.1 | 38.49 | OK | |||
r-devel-linux-x86_64-fedora-gcc | 1.6.1 | 37.75 | OK | |||
r-devel-windows-x86_64 | 1.6.1 | 6.00 | 41.00 | 47.00 | OK | |
r-patched-linux-x86_64 | 1.6.1 | 2.72 | 22.12 | 24.84 | OK | |
r-release-linux-x86_64 | 1.6.1 | 2.61 | 22.12 | 24.73 | OK | |
r-release-macos-arm64 | 1.6.1 | 3.00 | 15.00 | 18.00 | OK | |
r-release-macos-x86_64 | 1.6.1 | 4.00 | 24.00 | 28.00 | OK | |
r-release-windows-x86_64 | 1.6.1 | 5.00 | 44.00 | 49.00 | OK | |
r-oldrel-macos-arm64 | 1.6.1 | 2.00 | 15.00 | 17.00 | OK | |
r-oldrel-macos-x86_64 | 1.6.1 | 3.00 | 20.00 | 23.00 | OK | |
r-oldrel-windows-x86_64 | 1.6.1 | 5.00 | 48.00 | 53.00 | OK |
Version: 1.6.1
Check: CRAN incoming feasibility
Result: NOTE
Maintainer: ‘Irina Gaynanova <irinagn@umich.edu>’
No Authors@R field in DESCRIPTION.
Please add one, modifying
Authors@R: person(given = "Irina",
family = "Gaynanova",
role = c("aut", "cre"),
email = "irinagn@umich.edu")
as necessary.
Flavors: r-devel-linux-x86_64-debian-clang, r-devel-linux-x86_64-debian-gcc