Last updated on 2025-10-22 05:51:17 CEST.
Flavor | Version | Tinstall | Tcheck | Ttotal | Status | Flags |
---|---|---|---|---|---|---|
r-devel-linux-x86_64-debian-clang | 0.1.2 | 16.50 | 147.75 | 164.25 | NOTE | |
r-devel-linux-x86_64-debian-gcc | 0.1.2 | 8.69 | 100.93 | 109.62 | NOTE | |
r-devel-linux-x86_64-fedora-clang | 0.1.2 | 33.00 | 219.75 | 252.75 | OK | |
r-devel-linux-x86_64-fedora-gcc | 0.1.2 | 60.00 | 220.21 | 280.21 | OK | |
r-devel-windows-x86_64 | 0.1.2 | 16.00 | 140.00 | 156.00 | OK | |
r-patched-linux-x86_64 | 0.1.2 | 15.77 | 137.74 | 153.51 | OK | |
r-release-linux-x86_64 | 0.1.2 | 14.85 | 136.37 | 151.22 | OK | |
r-release-macos-arm64 | 0.1.2 | 8.00 | 54.00 | 62.00 | OK | |
r-release-macos-x86_64 | 0.1.2 | 17.00 | 87.00 | 104.00 | OK | |
r-release-windows-x86_64 | 0.1.2 | 17.00 | 143.00 | 160.00 | OK | |
r-oldrel-macos-arm64 | 0.1.2 | 7.00 | 66.00 | 73.00 | OK | |
r-oldrel-macos-x86_64 | 0.1.2 | 14.00 | 123.00 | 137.00 | OK | |
r-oldrel-windows-x86_64 | 0.1.2 | 23.00 | 179.00 | 202.00 | OK |
Version: 0.1.2
Check: HTML version of manual
Result: NOTE
Found the following HTML validation problems:
UpdatePhi.html:62:1 (UpdatePhi.Rd:18): Warning: missing </ul> before </div>
updateBeta.html:74:1 (updateBeta.Rd:24): Warning: missing </ul> before </div>
Flavors: r-devel-linux-x86_64-debian-clang, r-devel-linux-x86_64-debian-gcc