Last updated on 2025-10-24 04:50:58 CEST.
| Flavor | Version | Tinstall | Tcheck | Ttotal | Status | Flags |
|---|---|---|---|---|---|---|
| r-devel-linux-x86_64-debian-clang | 1.0.4 | 5.84 | 62.90 | 68.74 | NOTE | |
| r-devel-linux-x86_64-debian-gcc | 1.0.4 | 3.56 | 40.43 | 43.99 | OK | |
| r-devel-linux-x86_64-fedora-clang | 1.0.4 | 13.00 | 82.88 | 95.88 | OK | |
| r-devel-linux-x86_64-fedora-gcc | 1.0.4 | 28.00 | 70.46 | 98.46 | OK | |
| r-devel-windows-x86_64 | 1.0.4 | 8.00 | 67.00 | 75.00 | OK | |
| r-patched-linux-x86_64 | 1.0.4 | 5.90 | 53.11 | 59.01 | OK | |
| r-release-linux-x86_64 | 1.0.4 | 5.03 | 54.12 | 59.15 | OK | |
| r-release-macos-arm64 | 1.0.4 | 3.00 | 26.00 | 29.00 | OK | |
| r-release-macos-x86_64 | 1.0.4 | 5.00 | 47.00 | 52.00 | OK | |
| r-release-windows-x86_64 | 1.0.4 | 7.00 | 69.00 | 76.00 | OK | |
| r-oldrel-macos-arm64 | 1.0.4 | 3.00 | 30.00 | 33.00 | OK | |
| r-oldrel-macos-x86_64 | 1.0.4 | 5.00 | 51.00 | 56.00 | OK | |
| r-oldrel-windows-x86_64 | 1.0.4 | 11.00 | 84.00 | 95.00 | OK |
Version: 1.0.4
Check: HTML version of manual
Result: NOTE
Found the following HTML validation problems:
convert_all_directory_files_as_csv.html:50:1 (convert_all_directory_files_as_csv.Rd:12): Warning: missing </ul> before </div>
download_ndc_files_as_csv.html:59:1 (download_ndc_files_as_csv.Rd:18): Warning: missing </ul> before </div>
remove_files.html:50:1 (remove_files.Rd:12): Warning: missing </ul> before </div>
Flavor: r-devel-linux-x86_64-debian-clang