Last updated on 2025-10-22 05:51:17 CEST.
Flavor | Version | Tinstall | Tcheck | Ttotal | Status | Flags |
---|---|---|---|---|---|---|
r-devel-linux-x86_64-debian-clang | 1.0.0.1 | 2.02 | 29.59 | 31.61 | NOTE | |
r-devel-linux-x86_64-debian-gcc | 1.0.0.1 | 1.48 | 22.99 | 24.47 | NOTE | |
r-devel-linux-x86_64-fedora-clang | 1.0.0.1 | 48.90 | NOTE | |||
r-devel-linux-x86_64-fedora-gcc | 1.0.0.1 | 64.26 | NOTE | |||
r-devel-windows-x86_64 | 1.0.0.1 | 4.00 | 49.00 | 53.00 | OK | |
r-patched-linux-x86_64 | 1.0.0.1 | 2.15 | 27.70 | 29.85 | OK | |
r-release-linux-x86_64 | 1.0.0.1 | 2.33 | 28.02 | 30.35 | OK | |
r-release-macos-arm64 | 1.0.0.1 | 1.00 | 24.00 | 25.00 | OK | |
r-release-macos-x86_64 | 1.0.0.1 | 2.00 | 49.00 | 51.00 | OK | |
r-release-windows-x86_64 | 1.0.0.1 | 4.00 | 52.00 | 56.00 | OK | |
r-oldrel-macos-arm64 | 1.0.0.1 | 1.00 | 22.00 | 23.00 | OK | |
r-oldrel-macos-x86_64 | 1.0.0.1 | 2.00 | 42.00 | 44.00 | OK | |
r-oldrel-windows-x86_64 | 1.0.0.1 | 5.00 | 56.00 | 61.00 | OK |
Version: 1.0.0.1
Check: HTML version of manual
Result: NOTE
Found the following HTML validation problems:
dot-onLoad.html:50:1 (dot-onLoad.Rd:12): Warning: missing </ul> before </div>
sampling_correlated.html:46:1 (sampling_correlated.Rd:10): Warning: missing </ul> before </div>
sampling_independent.html:46:1 (sampling_independent.Rd:10): Warning: missing </ul> before </div>
validate_inputs.html:98:1 (validate_inputs.Rd:42): Warning: missing </ul> before </div>
Flavors: r-devel-linux-x86_64-debian-clang, r-devel-linux-x86_64-debian-gcc
Version: 1.0.0.1
Check: dependencies in R code
Result: NOTE
Namespace in Imports field not imported from: ‘reticulate’
All declared Imports should be used.
Flavors: r-devel-linux-x86_64-fedora-clang, r-devel-linux-x86_64-fedora-gcc