Last updated on 2025-10-24 04:50:58 CEST.
| Flavor | Version | Tinstall | Tcheck | Ttotal | Status | Flags |
|---|---|---|---|---|---|---|
| r-devel-linux-x86_64-debian-clang | 1.1.3 | 2.17 | 22.81 | 24.98 | OK | |
| r-devel-linux-x86_64-debian-gcc | 1.1.3 | 1.59 | 18.56 | 20.15 | OK | |
| r-devel-linux-x86_64-fedora-clang | 1.1.3 | 35.55 | NOTE | |||
| r-devel-linux-x86_64-fedora-gcc | 1.1.3 | 35.95 | NOTE | |||
| r-devel-windows-x86_64 | 1.1.3 | 3.00 | 45.00 | 48.00 | OK | |
| r-patched-linux-x86_64 | 1.1.3 | 2.46 | 21.55 | 24.01 | OK | |
| r-release-linux-x86_64 | 1.1.3 | 2.04 | 21.12 | 23.16 | OK | |
| r-release-macos-arm64 | 1.1.3 | 1.00 | 19.00 | 20.00 | OK | |
| r-release-macos-x86_64 | 1.1.3 | 2.00 | 24.00 | 26.00 | OK | |
| r-release-windows-x86_64 | 1.1.3 | 3.00 | 49.00 | 52.00 | OK | |
| r-oldrel-macos-arm64 | 1.1.3 | 1.00 | 15.00 | 16.00 | OK | |
| r-oldrel-macos-x86_64 | 1.1.3 | 2.00 | 21.00 | 23.00 | OK | |
| r-oldrel-windows-x86_64 | 1.1.3 | 6.00 | 53.00 | 59.00 | OK |
Version: 1.1.3
Check: dependencies in R code
Result: NOTE
Namespace in Imports field not imported from: ‘utils’
All declared Imports should be used.
Flavors: r-devel-linux-x86_64-fedora-clang, r-devel-linux-x86_64-fedora-gcc