Last updated on 2025-10-24 04:50:59 CEST.
| Flavor | Version | Tinstall | Tcheck | Ttotal | Status | Flags |
|---|---|---|---|---|---|---|
| r-devel-linux-x86_64-debian-clang | 1.2.0 | 36.60 | 67.40 | 104.00 | OK | |
| r-devel-linux-x86_64-debian-gcc | 1.2.0 | 27.81 | 52.41 | 80.22 | OK | |
| r-devel-linux-x86_64-fedora-clang | 1.2.0 | 63.00 | 106.92 | 169.92 | NOTE | |
| r-devel-linux-x86_64-fedora-gcc | 1.2.0 | 228.00 | -20.58 | 207.42 | NOTE | |
| r-devel-windows-x86_64 | 1.2.0 | 45.00 | 97.00 | 142.00 | OK | |
| r-patched-linux-x86_64 | 1.2.0 | 40.84 | 64.89 | 105.73 | OK | |
| r-release-linux-x86_64 | 1.2.0 | 40.11 | 65.71 | 105.82 | OK | |
| r-release-macos-arm64 | 1.2.0 | 16.00 | 36.00 | 52.00 | OK | |
| r-release-macos-x86_64 | 1.2.0 | 33.00 | 68.00 | 101.00 | OK | |
| r-release-windows-x86_64 | 1.2.0 | 49.00 | 98.00 | 147.00 | OK | |
| r-oldrel-macos-arm64 | 1.2.0 | 14.00 | 42.00 | 56.00 | OK | |
| r-oldrel-macos-x86_64 | 1.2.0 | 39.00 | 75.00 | 114.00 | OK | |
| r-oldrel-windows-x86_64 | 1.2.0 | 55.00 | 119.00 | 174.00 | OK |
Version: 1.2.0
Check: dependencies in R code
Result: NOTE
Namespace in Imports field not imported from: ‘GFM’
All declared Imports should be used.
Flavors: r-devel-linux-x86_64-fedora-clang, r-devel-linux-x86_64-fedora-gcc