Last updated on 2025-10-24 04:50:59 CEST.
| Flavor | Version | Tinstall | Tcheck | Ttotal | Status | Flags |
|---|---|---|---|---|---|---|
| r-devel-linux-x86_64-debian-clang | 1.1.0 | 19.58 | 31.26 | 50.84 | NOTE | |
| r-devel-linux-x86_64-debian-gcc | 1.1.0 | 11.86 | 25.50 | 37.36 | NOTE | |
| r-devel-linux-x86_64-fedora-clang | 1.1.0 | 42.00 | 47.54 | 89.54 | OK | |
| r-devel-linux-x86_64-fedora-gcc | 1.1.0 | 68.00 | 16.07 | 84.07 | OK | |
| r-devel-windows-x86_64 | 1.1.0 | 28.00 | 64.00 | 92.00 | OK | |
| r-patched-linux-x86_64 | 1.1.0 | 17.90 | 30.19 | 48.09 | OK | |
| r-release-linux-x86_64 | 1.1.0 | 18.10 | 29.98 | 48.08 | OK | |
| r-release-macos-arm64 | 1.1.0 | 9.00 | 20.00 | 29.00 | OK | |
| r-release-macos-x86_64 | 1.1.0 | 15.00 | 32.00 | 47.00 | OK | |
| r-release-windows-x86_64 | 1.1.0 | 29.00 | 69.00 | 98.00 | OK | |
| r-oldrel-macos-arm64 | 1.1.0 | 7.00 | 18.00 | 25.00 | OK | |
| r-oldrel-macos-x86_64 | 1.1.0 | 11.00 | 26.00 | 37.00 | OK | |
| r-oldrel-windows-x86_64 | 1.1.0 | 35.00 | 78.00 | 113.00 | OK |
Version: 1.1.0
Check: CRAN incoming feasibility
Result: NOTE
Maintainer: ‘Matthieu Marbac <matthieu.marbac-lourdelle@ensai.fr>’
The Description field contains
(2020) <arXiv:2009.07662>.
Please refer to arXiv e-prints via their arXiv DOI <doi:10.48550/arXiv.YYMM.NNNNN>.
Flavors: r-devel-linux-x86_64-debian-clang, r-devel-linux-x86_64-debian-gcc