Last updated on 2025-10-24 04:50:59 CEST.
| Flavor | Version | Tinstall | Tcheck | Ttotal | Status | Flags |
|---|---|---|---|---|---|---|
| r-devel-linux-x86_64-debian-clang | 2.3.1 | 82.68 | 260.69 | 343.37 | NOTE | |
| r-devel-linux-x86_64-debian-gcc | 2.3.1 | 43.79 | 146.09 | 189.88 | NOTE | |
| r-devel-linux-x86_64-fedora-clang | 2.3.1 | 171.00 | 379.99 | 550.99 | OK | |
| r-devel-linux-x86_64-fedora-gcc | 2.3.1 | 452.00 | 114.25 | 566.25 | OK | |
| r-devel-windows-x86_64 | 2.3.1 | 65.00 | 179.00 | 244.00 | OK | |
| r-patched-linux-x86_64 | 2.3.1 | 75.01 | 252.38 | 327.39 | OK | |
| r-release-linux-x86_64 | 2.3.1 | 71.62 | 246.30 | 317.92 | OK | |
| r-release-macos-arm64 | 2.3.1 | 30.00 | 89.00 | 119.00 | OK | |
| r-release-macos-x86_64 | 2.3.1 | 87.00 | 236.00 | 323.00 | OK | |
| r-release-windows-x86_64 | 2.3.1 | 65.00 | 183.00 | 248.00 | OK | |
| r-oldrel-macos-arm64 | 2.3.1 | 25.00 | 64.00 | 89.00 | OK | |
| r-oldrel-macos-x86_64 | 2.3.1 | 59.00 | 146.00 | 205.00 | OK | |
| r-oldrel-windows-x86_64 | 2.3.1 | 66.00 | 178.00 | 244.00 | OK |
Version: 2.3.1
Check: CRAN incoming feasibility
Result: NOTE
Maintainer: ‘Mahdi Teimouri <teimouri@aut.ac.ir>’
No Authors@R field in DESCRIPTION.
Please add one, modifying
Authors@R: c(person(given = "Mahdi",
family = "Teimouri",
role = c("aut", "cre"),
email = "teimouri@aut.ac.ir"),
person(given = "Saralees",
family = "Nadarajah",
role = "aut"))
as necessary.
Flavors: r-devel-linux-x86_64-debian-clang, r-devel-linux-x86_64-debian-gcc