Last updated on 2025-07-22 08:48:37 CEST.
Flavor | Version | Tinstall | Tcheck | Ttotal | Status | Flags |
---|---|---|---|---|---|---|
r-devel-linux-x86_64-debian-clang | 3.7.4 | 110.36 | 246.72 | 357.08 | OK | |
r-devel-linux-x86_64-debian-gcc | 3.7.4 | 74.45 | 151.45 | 225.90 | OK | |
r-devel-linux-x86_64-fedora-clang | 3.7.4 | 658.44 | OK | |||
r-devel-linux-x86_64-fedora-gcc | 3.7.4 | 554.30 | OK | |||
r-devel-windows-x86_64 | 3.7.4 | 125.00 | 233.00 | 358.00 | OK | |
r-patched-linux-x86_64 | 3.7.4 | 114.78 | 225.95 | 340.73 | OK | |
r-release-linux-x86_64 | 3.7.4 | 110.53 | 226.43 | 336.96 | OK | |
r-release-macos-arm64 | 3.7.4 | 118.00 | OK | |||
r-release-macos-x86_64 | 3.7.4 | 232.00 | OK | |||
r-release-windows-x86_64 | 3.7.4 | 117.00 | 261.00 | 378.00 | OK | |
r-oldrel-macos-arm64 | 3.7.4 | 127.00 | NOTE | |||
r-oldrel-macos-x86_64 | 3.7.4 | 234.00 | NOTE | |||
r-oldrel-windows-x86_64 | 3.7.4 | 159.00 | 319.00 | 478.00 | NOTE |
Version: 3.7.4
Check: installed package size
Result: NOTE
installed size is 13.2Mb
sub-directories of 1Mb or more:
R 3.1Mb
data 5.3Mb
libs 4.0Mb
Flavors: r-oldrel-macos-arm64, r-oldrel-macos-x86_64, r-oldrel-windows-x86_64