CRAN Package Check Results for Package MTSYS

Last updated on 2025-07-22 08:48:37 CEST.

Flavor Version Tinstall Tcheck Ttotal Status Flags
r-devel-linux-x86_64-debian-clang 1.2.0 2.21 27.66 29.87 OK
r-devel-linux-x86_64-debian-gcc 1.2.0 1.66 21.82 23.48 OK
r-devel-linux-x86_64-fedora-clang 1.2.0 44.61 OK
r-devel-linux-x86_64-fedora-gcc 1.2.0 42.60 OK
r-devel-windows-x86_64 1.2.0 4.00 56.00 60.00 OK
r-patched-linux-x86_64 1.2.0 3.24 25.32 28.56 OK
r-release-linux-x86_64 1.2.0 2.10 24.88 26.98 OK
r-release-macos-arm64 1.2.0 21.00 OK
r-release-macos-x86_64 1.2.0 38.00 OK
r-release-windows-x86_64 1.2.0 4.00 58.00 62.00 OK
r-oldrel-macos-arm64 1.2.0 17.00 NOTE
r-oldrel-macos-x86_64 1.2.0 30.00 NOTE
r-oldrel-windows-x86_64 1.2.0 3.00 60.00 63.00 NOTE

Check Details

Version: 1.2.0
Check: LazyData
Result: NOTE 'LazyData' is specified without a 'data' directory Flavors: r-oldrel-macos-arm64, r-oldrel-macos-x86_64, r-oldrel-windows-x86_64