Last updated on 2025-10-24 04:50:59 CEST.
| Flavor | Version | Tinstall | Tcheck | Ttotal | Status | Flags |
|---|---|---|---|---|---|---|
| r-devel-linux-x86_64-debian-clang | 0.0.8-11 | 2.52 | 46.98 | 49.50 | NOTE | |
| r-devel-linux-x86_64-debian-gcc | 0.0.8-11 | 1.98 | 30.86 | 32.84 | NOTE | |
| r-devel-linux-x86_64-fedora-clang | 0.0.8-11 | 16.00 | 67.64 | 83.64 | OK | |
| r-devel-linux-x86_64-fedora-gcc | 0.0.8-11 | 11.00 | 65.18 | 76.18 | OK | |
| r-devel-windows-x86_64 | 0.0.8-11 | 4.00 | 57.00 | 61.00 | OK | |
| r-patched-linux-x86_64 | 0.0.8-11 | 2.64 | 42.96 | 45.60 | OK | |
| r-release-linux-x86_64 | 0.0.8-11 | 2.48 | 42.67 | 45.15 | OK | |
| r-release-macos-arm64 | 0.0.8-11 | 1.00 | 22.00 | 23.00 | OK | |
| r-release-macos-x86_64 | 0.0.8-11 | 3.00 | 43.00 | 46.00 | OK | |
| r-release-windows-x86_64 | 0.0.8-11 | 4.00 | 62.00 | 66.00 | OK | |
| r-oldrel-macos-arm64 | 0.0.8-11 | 1.00 | 20.00 | 21.00 | OK | |
| r-oldrel-macos-x86_64 | 0.0.8-11 | 2.00 | 31.00 | 33.00 | OK | |
| r-oldrel-windows-x86_64 | 0.0.8-11 | 4.00 | 72.00 | 76.00 | OK |
Version: 0.0.8-11
Check: CRAN incoming feasibility
Result: NOTE
Maintainer: ‘ZHANG Chen <447974102@qq.com>’
No Authors@R field in DESCRIPTION.
Please add one, modifying
Authors@R: person(given = "ZHANG",
family = "Chen",
role = c("aut", "cre"),
email = "447974102@qq.com")
as necessary.
Flavors: r-devel-linux-x86_64-debian-clang, r-devel-linux-x86_64-debian-gcc