Last updated on 2025-10-22 05:51:16 CEST.
Flavor | Version | Tinstall | Tcheck | Ttotal | Status | Flags |
---|---|---|---|---|---|---|
r-devel-linux-x86_64-debian-clang | 3.9.0 | 51.89 | 359.65 | 411.54 | NOTE | |
r-devel-linux-x86_64-debian-gcc | 3.9.0 | 33.24 | 249.63 | 282.87 | NOTE | |
r-devel-linux-x86_64-fedora-clang | 3.9.0 | 200.00 | 478.98 | 678.98 | OK | |
r-devel-linux-x86_64-fedora-gcc | 3.9.0 | 205.00 | 459.73 | 664.73 | OK | |
r-devel-windows-x86_64 | 3.9.0 | 49.00 | 323.00 | 372.00 | OK | |
r-patched-linux-x86_64 | 3.9.0 | 54.15 | 334.40 | 388.55 | OK | |
r-release-linux-x86_64 | 3.9.0 | 47.92 | 333.00 | 380.92 | OK | |
r-release-macos-arm64 | 3.9.0 | 22.00 | 104.00 | 126.00 | OK | |
r-release-macos-x86_64 | 3.9.0 | 41.00 | 238.00 | 279.00 | OK | |
r-release-windows-x86_64 | 3.9.0 | 50.00 | 329.00 | 379.00 | OK | |
r-oldrel-macos-arm64 | 3.9.0 | 25.00 | 131.00 | 156.00 | OK | |
r-oldrel-macos-x86_64 | 3.9.0 | 44.00 | 250.00 | 294.00 | OK | |
r-oldrel-windows-x86_64 | 3.9.0 | 74.00 | 466.00 | 540.00 | OK |
Version: 3.9.0
Check: HTML version of manual
Result: NOTE
Found the following HTML validation problems:
extract-methods.html:93:1 (extract-methods.Rd:53): Warning: missing </ul> before </div>
print-methods.html:127:1 (print-methods.Rd:80): Warning: missing </ul> before </div>
Flavors: r-devel-linux-x86_64-debian-clang, r-devel-linux-x86_64-debian-gcc