CRAN Package Check Results for Package ManifoldOptim

Last updated on 2025-10-22 05:51:16 CEST.

Flavor Version Tinstall Tcheck Ttotal Status Flags
r-devel-linux-x86_64-debian-clang 1.0.1 170.14 27.21 197.35 NOTE
r-devel-linux-x86_64-debian-gcc 1.0.1 109.32 21.65 130.97 NOTE
r-devel-linux-x86_64-fedora-clang 1.0.1 448.00 42.18 490.18 OK
r-devel-linux-x86_64-fedora-gcc 1.0.1 660.00 -291.77 368.23 OK
r-devel-windows-x86_64 1.0.1 465.00 73.00 538.00 OK
r-patched-linux-x86_64 1.0.1 157.99 25.43 183.42 OK
r-release-linux-x86_64 1.0.1 162.77 25.49 188.26 OK
r-release-macos-arm64 1.0.1 85.00 21.00 106.00 OK
r-release-macos-x86_64 1.0.1 51.00 34.00 85.00 OK
r-release-windows-x86_64 1.0.1 504.00 73.00 577.00 OK
r-oldrel-macos-arm64 1.0.1 61.00 18.00 79.00 NOTE
r-oldrel-macos-x86_64 1.0.1 43.00 23.00 66.00 NOTE
r-oldrel-windows-x86_64 1.0.1 491.00 83.00 574.00 OK

Check Details

Version: 1.0.1
Check: HTML version of manual
Result: NOTE Found the following HTML validation problems: Trace.html:46:1 (Trace.Rd:10): Warning: missing </ul> before </div> orthonorm.html:46:1 (orthonorm.Rd:10): Warning: missing </ul> before </div> print.ManifoldOptim.html:51:1 (print.ManifoldOptim.Rd:12): Warning: missing </ul> before </div> Flavors: r-devel-linux-x86_64-debian-clang, r-devel-linux-x86_64-debian-gcc

Version: 1.0.1
Check: installed package size
Result: NOTE installed size is 10.1Mb sub-directories of 1Mb or more: libs 9.8Mb Flavors: r-oldrel-macos-arm64, r-oldrel-macos-x86_64