Last updated on 2025-07-21 08:50:09 CEST.
Flavor | Version | Tinstall | Tcheck | Ttotal | Status | Flags |
---|---|---|---|---|---|---|
r-devel-linux-x86_64-debian-clang | 1.2.0 | 8.29 | 79.25 | 87.54 | NOTE | |
r-devel-linux-x86_64-debian-gcc | 1.2.0 | 6.23 | 56.98 | 63.21 | NOTE | |
r-devel-linux-x86_64-fedora-clang | 1.2.0 | 137.84 | NOTE | |||
r-devel-linux-x86_64-fedora-gcc | 1.2.0 | 152.74 | NOTE | |||
r-devel-windows-x86_64 | 1.2.0 | 10.00 | 82.00 | 92.00 | OK | |
r-patched-linux-x86_64 | 1.2.0 | 9.38 | 74.69 | 84.07 | NOTE | |
r-release-linux-x86_64 | 1.2.0 | 8.16 | 74.94 | 83.10 | NOTE | |
r-release-macos-arm64 | 1.2.0 | 46.00 | OK | |||
r-release-macos-x86_64 | 1.2.0 | 86.00 | OK | |||
r-release-windows-x86_64 | 1.2.0 | 9.00 | 84.00 | 93.00 | OK | |
r-oldrel-macos-arm64 | 1.2.0 | 44.00 | OK | |||
r-oldrel-macos-x86_64 | 1.2.0 | 70.00 | OK | |||
r-oldrel-windows-x86_64 | 1.2.0 | 13.00 | 105.00 | 118.00 | OK |
Version: 1.2.0
Check: for non-standard things in the check directory
Result: NOTE
Found the following files/directories:
‘cycHumanBloodData.csv’ ‘cycHumanBloodDesign.csv’
‘cycMouseLiverProtein.txt’ ‘cycMouseLiverRNA.csv’ ‘cycSimu4h2d.csv’
‘cycYeastCycle.csv’ ‘example’
Flavors: r-devel-linux-x86_64-debian-clang, r-devel-linux-x86_64-debian-gcc, r-devel-linux-x86_64-fedora-clang, r-devel-linux-x86_64-fedora-gcc, r-patched-linux-x86_64, r-release-linux-x86_64