Last updated on 2025-10-24 04:50:58 CEST.
| Flavor | Version | Tinstall | Tcheck | Ttotal | Status | Flags |
|---|---|---|---|---|---|---|
| r-devel-linux-x86_64-debian-clang | 0.1.4 | 58.60 | 120.60 | 179.20 | OK | |
| r-devel-linux-x86_64-debian-gcc | 0.1.4 | 44.70 | 95.89 | 140.59 | OK | |
| r-devel-linux-x86_64-fedora-clang | 0.1.4 | 110.00 | 153.94 | 263.94 | OK | |
| r-devel-linux-x86_64-fedora-gcc | 0.1.4 | 143.00 | 119.82 | 262.82 | OK | |
| r-devel-windows-x86_64 | 0.1.4 | 63.00 | 121.00 | 184.00 | OK | |
| r-patched-linux-x86_64 | 0.1.4 | 55.21 | 116.08 | 171.29 | OK | |
| r-release-linux-x86_64 | 0.1.4 | 52.43 | 114.91 | 167.34 | OK | |
| r-release-macos-arm64 | 0.1.4 | 40.00 | 57.00 | 97.00 | OK | |
| r-release-macos-x86_64 | 0.1.4 | 59.00 | 81.00 | 140.00 | OK | |
| r-release-windows-x86_64 | 0.1.4 | 59.00 | 125.00 | 184.00 | OK | |
| r-oldrel-macos-arm64 | 0.1.4 | 42.00 | 58.00 | 100.00 | NOTE | |
| r-oldrel-macos-x86_64 | 0.1.4 | 59.00 | 95.00 | 154.00 | NOTE | |
| r-oldrel-windows-x86_64 | 0.1.4 | 76.00 | 156.00 | 232.00 | OK |
Version: 0.1.4
Check: installed package size
Result: NOTE
installed size is 5.2Mb
sub-directories of 1Mb or more:
R 4.9Mb
Flavors: r-oldrel-macos-arm64, r-oldrel-macos-x86_64