Last updated on 2025-10-22 05:51:16 CEST.
Flavor | Version | Tinstall | Tcheck | Ttotal | Status | Flags |
---|---|---|---|---|---|---|
r-devel-linux-x86_64-debian-clang | 2.1.2 | 13.04 | 93.07 | 106.11 | NOTE | |
r-devel-linux-x86_64-debian-gcc | 2.1.2 | 9.07 | 64.99 | 74.06 | NOTE | |
r-devel-linux-x86_64-fedora-clang | 2.1.2 | 31.00 | 133.00 | 164.00 | NOTE | |
r-devel-linux-x86_64-fedora-gcc | 2.1.2 | 38.00 | 117.67 | 155.67 | NOTE | |
r-devel-windows-x86_64 | 2.1.2 | 13.00 | 92.00 | 105.00 | OK | |
r-patched-linux-x86_64 | 2.1.2 | 12.05 | 86.97 | 99.02 | OK | |
r-release-linux-x86_64 | 2.1.2 | 10.94 | 86.88 | 97.82 | OK | |
r-release-macos-arm64 | 2.1.2 | 5.00 | 40.00 | 45.00 | OK | |
r-release-macos-x86_64 | 2.1.2 | 13.00 | 84.00 | 97.00 | OK | |
r-release-windows-x86_64 | 2.1.2 | 15.00 | 93.00 | 108.00 | OK | |
r-oldrel-macos-arm64 | 2.1.2 | 5.00 | 41.00 | 46.00 | OK | |
r-oldrel-macos-x86_64 | 2.1.2 | 9.00 | 58.00 | 67.00 | OK | |
r-oldrel-windows-x86_64 | 2.1.2 | 22.00 | 121.00 | 143.00 | OK |
Version: 2.1.2
Check: CRAN incoming feasibility
Result: NOTE
Maintainer: ‘Maya B. Mathur <mmathur@stanford.edu>’
No Authors@R field in DESCRIPTION.
Please add one, modifying
Authors@R: c(person(given = c("Maya", "B."),
family = "Mathur",
role = c("aut", "cre"),
email = "mmathur@stanford.edu"),
person(given = "Rui",
family = "Wang",
role = "aut"),
person(given = c("Tyler", "J."),
family = "VanderWeele",
role = "aut"))
as necessary.
Flavors: r-devel-linux-x86_64-debian-clang, r-devel-linux-x86_64-debian-gcc
Version: 2.1.2
Check: dependencies in R code
Result: NOTE
Namespace in Imports field not imported from: ‘metadat’
All declared Imports should be used.
Flavors: r-devel-linux-x86_64-fedora-clang, r-devel-linux-x86_64-fedora-gcc