Last updated on 2025-10-22 05:51:16 CEST.
Flavor | Version | Tinstall | Tcheck | Ttotal | Status | Flags |
---|---|---|---|---|---|---|
r-devel-linux-x86_64-debian-clang | 1.30.2 | 6.13 | 81.28 | 87.41 | NOTE | |
r-devel-linux-x86_64-debian-gcc | 1.30.2 | 4.60 | 59.21 | 63.81 | NOTE | |
r-devel-linux-x86_64-fedora-clang | 1.30.2 | 14.00 | 110.49 | 124.49 | OK | |
r-devel-linux-x86_64-fedora-gcc | 1.30.2 | 14.00 | 109.45 | 123.45 | OK | |
r-devel-windows-x86_64 | 1.30.2 | 8.00 | 103.00 | 111.00 | OK | |
r-patched-linux-x86_64 | 1.30.2 | 7.73 | 77.26 | 84.99 | OK | |
r-release-linux-x86_64 | 1.30.2 | 4.96 | 78.22 | 83.18 | OK | |
r-release-macos-arm64 | 1.30.2 | 3.00 | 45.00 | 48.00 | OK | |
r-release-macos-x86_64 | 1.30.2 | 5.00 | 71.00 | 76.00 | OK | |
r-release-windows-x86_64 | 1.30.2 | 8.00 | 105.00 | 113.00 | OK | |
r-oldrel-macos-arm64 | 1.30.2 | 2.00 | 43.00 | 45.00 | OK | |
r-oldrel-macos-x86_64 | 1.30.2 | 5.00 | 88.00 | 93.00 | OK | |
r-oldrel-windows-x86_64 | 1.30.2 | 11.00 | 128.00 | 139.00 | OK |
Version: 1.30.2
Check: HTML version of manual
Result: NOTE
Found the following HTML validation problems:
print.html:59:1 (print.Rd:16): Warning: missing </ul> before </div>
subset.html:68:1 (subset.Rd:23): Warning: missing </ul> before </div>
summary.Meth.html:53:1 (summary.Meth.Rd:14): Warning: missing </ul> before </div>
summary.html:55:1 (summary.Rd:14): Warning: missing </ul> before </div>
Flavors: r-devel-linux-x86_64-debian-clang, r-devel-linux-x86_64-debian-gcc