Last updated on 2025-10-22 05:51:17 CEST.
Flavor | Version | Tinstall | Tcheck | Ttotal | Status | Flags |
---|---|---|---|---|---|---|
r-devel-linux-x86_64-debian-clang | 0.1.2 | 6.04 | 381.87 | 387.91 | NOTE | |
r-devel-linux-x86_64-debian-gcc | 0.1.2 | 3.95 | 248.75 | 252.70 | NOTE | |
r-devel-linux-x86_64-fedora-clang | 0.1.2 | 13.00 | 585.01 | 598.01 | OK | |
r-devel-linux-x86_64-fedora-gcc | 0.1.2 | 12.00 | 574.64 | 586.64 | OK | |
r-devel-windows-x86_64 | 0.1.2 | 10.00 | 410.00 | 420.00 | OK | |
r-patched-linux-x86_64 | 0.1.2 | 7.55 | 361.13 | 368.68 | OK | |
r-release-linux-x86_64 | 0.1.2 | 4.76 | 365.36 | 370.12 | OK | |
r-release-macos-arm64 | 0.1.2 | 4.00 | 153.00 | 157.00 | OK | |
r-release-macos-x86_64 | 0.1.2 | 6.00 | 313.00 | 319.00 | OK | |
r-release-windows-x86_64 | 0.1.2 | 13.00 | 414.00 | 427.00 | OK | |
r-oldrel-macos-arm64 | 0.1.2 | 4.00 | 126.00 | 130.00 | OK | |
r-oldrel-macos-x86_64 | 0.1.2 | 7.00 | 220.00 | 227.00 | OK | |
r-oldrel-windows-x86_64 | 0.1.2 | 13.00 | 576.00 | 589.00 | OK |
Version: 0.1.2
Check: HTML version of manual
Result: NOTE
Found the following HTML validation problems:
api_config_global.html:46:1 (api_config_global.Rd:10): Warning: missing </ul> before </div>
get_tmax.html:46:1 (get_tmax.Rd:10): Warning: missing </ul> before </div>
get_tnow.html:46:1 (get_tnow.Rd:10): Warning: missing </ul> before </div>
Flavors: r-devel-linux-x86_64-debian-clang, r-devel-linux-x86_64-debian-gcc