CRAN Package Check Results for Package Microsoft365R

Last updated on 2025-10-22 05:51:17 CEST.

Flavor Version Tinstall Tcheck Ttotal Status Flags
r-devel-linux-x86_64-debian-clang 2.4.1 17.30 50.59 67.89 OK
r-devel-linux-x86_64-debian-gcc 2.4.1 10.90 39.56 50.46 OK
r-devel-linux-x86_64-fedora-clang 2.4.1 39.00 64.38 103.38 NOTE
r-devel-linux-x86_64-fedora-gcc 2.4.1 34.00 77.60 111.60 NOTE
r-devel-windows-x86_64 2.4.1 17.00 76.00 93.00 OK
r-patched-linux-x86_64 2.4.1 16.44 47.19 63.63 OK
r-release-linux-x86_64 2.4.1 15.66 46.74 62.40 OK
r-release-macos-arm64 2.4.1 7.00 41.00 48.00 OK
r-release-macos-x86_64 2.4.1 16.00 66.00 82.00 OK
r-release-windows-x86_64 2.4.1 18.00 77.00 95.00 OK
r-oldrel-macos-arm64 2.4.1 6.00 36.00 42.00 OK
r-oldrel-macos-x86_64 2.4.1 21.00 66.00 87.00 OK
r-oldrel-windows-x86_64 2.4.1 24.00 85.00 109.00 OK

Check Details

Version: 2.4.1
Check: dependencies in R code
Result: NOTE Namespaces in Imports field not imported from: ‘R6’ ‘curl’ ‘jsonlite’ ‘parallel’ ‘tools’ ‘vctrs’ All declared Imports should be used. Flavors: r-devel-linux-x86_64-fedora-clang, r-devel-linux-x86_64-fedora-gcc