Last updated on 2025-10-22 05:51:17 CEST.
Flavor | Version | Tinstall | Tcheck | Ttotal | Status | Flags |
---|---|---|---|---|---|---|
r-devel-linux-x86_64-debian-clang | 0.1.0 | 6.53 | 56.62 | 63.15 | OK | |
r-devel-linux-x86_64-debian-gcc | 0.1.0 | 4.76 | 40.17 | 44.93 | OK | |
r-devel-linux-x86_64-fedora-clang | 0.1.0 | 23.00 | 76.22 | 99.22 | OK | |
r-devel-linux-x86_64-fedora-gcc | 0.1.0 | 14.00 | 76.58 | 90.58 | OK | |
r-devel-windows-x86_64 | 0.1.0 | 8.00 | 64.00 | 72.00 | OK | |
r-patched-linux-x86_64 | 0.1.0 | 6.86 | 52.83 | 59.69 | OK | |
r-release-linux-x86_64 | 0.1.0 | 7.22 | 53.37 | 60.59 | OK | |
r-release-macos-arm64 | 0.1.0 | 3.00 | 23.00 | 26.00 | OK | |
r-release-macos-x86_64 | 0.1.0 | 7.00 | 43.00 | 50.00 | OK | |
r-release-windows-x86_64 | 0.1.0 | 8.00 | 68.00 | 76.00 | OK | |
r-oldrel-macos-arm64 | 0.1.0 | 2.00 | 25.00 | 27.00 | NOTE | |
r-oldrel-macos-x86_64 | 0.1.0 | 4.00 | 34.00 | 38.00 | NOTE | |
r-oldrel-windows-x86_64 | 0.1.0 | 10.00 | 83.00 | 93.00 | NOTE |
Version: 0.1.0
Check: LazyData
Result: NOTE
'LazyData' is specified without a 'data' directory
Flavors: r-oldrel-macos-arm64, r-oldrel-macos-x86_64, r-oldrel-windows-x86_64