CRAN Package Check Results for Package MultBiplotR

Last updated on 2025-10-22 05:51:18 CEST.

Flavor Version Tinstall Tcheck Ttotal Status Flags
r-devel-linux-x86_64-debian-clang 23.11.0 40.03 260.36 300.39 NOTE
r-devel-linux-x86_64-debian-gcc 23.11.0 22.90 168.46 191.36 NOTE
r-devel-linux-x86_64-fedora-clang 23.11.0 109.00 393.14 502.14 OK
r-devel-linux-x86_64-fedora-gcc 23.11.0 91.00 346.97 437.97 OK
r-devel-windows-x86_64 23.11.0 43.00 288.00 331.00 NOTE
r-patched-linux-x86_64 23.11.0 48.65 243.55 292.20 NOTE
r-release-linux-x86_64 23.11.0 37.50 240.09 277.59 NOTE
r-release-macos-arm64 23.11.0 16.00 80.00 96.00 OK
r-release-macos-x86_64 23.11.0 34.00 164.00 198.00 OK
r-release-windows-x86_64 23.11.0 41.00 293.00 334.00 NOTE
r-oldrel-macos-arm64 23.11.0 15.00 81.00 96.00 OK
r-oldrel-macos-x86_64 23.11.0 25.00 120.00 145.00 OK
r-oldrel-windows-x86_64 23.11.0 45.00 377.00 422.00 OK

Check Details

Version: 23.11.0
Check: CRAN incoming feasibility
Result: NOTE Maintainer: ‘Jose Luis Vicente Villardon <villardon@usal.es>’ No Authors@R field in DESCRIPTION. Please add one, modifying Authors@R: c(person(given = c("Jose", "Luis"), family = "Vicente-Villardon", role = "aut"), person(given = "Laura", family = "Vicente-Gonzalez", role = "aut"), person(given = "Elisa", family = "Frutos-Bernal", role = "aut"), person(given = c("Jose", "Luis", "Vicente"), family = "Villardon", role = "cre", email = "villardon@usal.es")) as necessary. Flavors: r-devel-linux-x86_64-debian-clang, r-devel-linux-x86_64-debian-gcc

Version: 23.11.0
Check: Rd cross-references
Result: NOTE Found the following Rd file(s) with Rd \link{} targets missing package anchors: PolyOrdinalLogBiplot.Rd: fa, principal Please provide package anchors for all Rd \link{} targets not in the package itself and the base packages. Flavors: r-devel-linux-x86_64-debian-clang, r-devel-linux-x86_64-debian-gcc, r-devel-windows-x86_64, r-patched-linux-x86_64, r-release-linux-x86_64, r-release-windows-x86_64