CRAN Package Check Results for Package MultOrdRS

Last updated on 2025-07-20 11:50:08 CEST.

Flavor Version Tinstall Tcheck Ttotal Status Flags
r-devel-linux-x86_64-debian-clang 0.1-3 35.06 42.60 77.66 NOTE
r-devel-linux-x86_64-debian-gcc 0.1-3 24.61 29.72 54.33 NOTE
r-devel-linux-x86_64-fedora-clang 0.1-3 131.83 OK
r-devel-linux-x86_64-fedora-gcc 0.1-3 123.27 OK
r-devel-windows-x86_64 0.1-3 39.00 72.00 111.00 OK
r-patched-linux-x86_64 0.1-3 33.34 36.07 69.41 OK
r-release-linux-x86_64 0.1-3 36.26 35.49 71.75 OK
r-release-macos-arm64 0.1-3 37.00 OK
r-release-macos-x86_64 0.1-3 63.00 OK
r-release-windows-x86_64 0.1-3 37.00 62.00 99.00 OK
r-oldrel-macos-arm64 0.1-3 34.00 OK
r-oldrel-macos-x86_64 0.1-3 54.00 OK
r-oldrel-windows-x86_64 0.1-3 47.00 90.00 137.00 OK

Check Details

Version: 0.1-3
Check: CRAN incoming feasibility
Result: NOTE Maintainer: ‘Gunther Schauberger <gunther.schauberger@tum.de>’ No Authors@R field in DESCRIPTION. Please add one, modifying Authors@R: person(given = "Gunther", family = "Schauberger", role = c("aut", "cre"), email = "gunther.schauberger@tum.de") as necessary. Flavors: r-devel-linux-x86_64-debian-clang, r-devel-linux-x86_64-debian-gcc