CRAN Package Check Results for Package MultiObjMatch

Last updated on 2025-10-22 05:51:18 CEST.

Flavor Version Tinstall Tcheck Ttotal Status Flags
r-devel-linux-x86_64-debian-clang 1.0.0 14.40 213.91 228.31 NOTE
r-devel-linux-x86_64-debian-gcc 1.0.0 10.78 152.11 162.89 NOTE
r-devel-linux-x86_64-fedora-clang 1.0.0 37.00 333.90 370.90 NOTE
r-devel-linux-x86_64-fedora-gcc 1.0.0 30.00 327.69 357.69 NOTE
r-devel-windows-x86_64 1.0.0 16.00 210.00 226.00 OK
r-patched-linux-x86_64 1.0.0 13.90 209.61 223.51 OK
r-release-linux-x86_64 1.0.0 14.41 208.41 222.82 OK
r-release-macos-arm64 1.0.0 7.00 110.00 117.00 OK
r-release-macos-x86_64 1.0.0 15.00 179.00 194.00 OK
r-release-windows-x86_64 1.0.0 16.00 212.00 228.00 OK
r-oldrel-macos-arm64 1.0.0 7.00 91.00 98.00 NOTE
r-oldrel-macos-x86_64 1.0.0 20.00 233.00 253.00 NOTE
r-oldrel-windows-x86_64 1.0.0 22.00 273.00 295.00 NOTE

Check Details

Version: 1.0.0
Check: HTML version of manual
Result: NOTE Found the following HTML validation problems: convert_index.html:49:1 (convert_index.Rd:12): Warning: missing </ul> before </div> dummy.html:81:1 (dummy.Rd:32): Warning: missing </ul> before </div> matched_index.html:49:1 (matched_index.Rd:12): Warning: missing </ul> before </div> Flavors: r-devel-linux-x86_64-debian-clang, r-devel-linux-x86_64-debian-gcc

Version: 1.0.0
Check: dependencies in R code
Result: NOTE Namespaces in Imports field not imported from: ‘RCurl’ ‘fields’ ‘optmatch’ ‘rcbalance’ ‘utils’ All declared Imports should be used. Flavors: r-devel-linux-x86_64-fedora-clang, r-devel-linux-x86_64-fedora-gcc

Version: 1.0.0
Check: package dependencies
Result: NOTE Package suggested but not available for checking: ‘rrelaxiv’ Flavors: r-oldrel-macos-arm64, r-oldrel-macos-x86_64, r-oldrel-windows-x86_64