Last updated on 2025-10-24 04:50:59 CEST.
| Flavor | Version | Tinstall | Tcheck | Ttotal | Status | Flags |
|---|---|---|---|---|---|---|
| r-devel-linux-x86_64-debian-clang | 1.6-1.2 | 11.25 | 80.63 | 91.88 | NOTE | |
| r-devel-linux-x86_64-debian-gcc | 1.6-1.2 | 8.00 | 61.13 | 69.13 | OK | |
| r-devel-linux-x86_64-fedora-clang | 1.6-1.2 | 28.00 | 121.10 | 149.10 | OK | |
| r-devel-linux-x86_64-fedora-gcc | 1.6-1.2 | 24.00 | 108.87 | 132.87 | OK | |
| r-devel-windows-x86_64 | 1.6-1.2 | 13.00 | 100.00 | 113.00 | OK | |
| r-patched-linux-x86_64 | 1.6-1.2 | 11.54 | 77.05 | 88.59 | OK | |
| r-release-linux-x86_64 | 1.6-1.2 | 9.79 | 77.08 | 86.87 | OK | |
| r-release-macos-arm64 | 1.6-1.2 | 5.00 | 42.00 | 47.00 | OK | |
| r-release-macos-x86_64 | 1.6-1.2 | 11.00 | 72.00 | 83.00 | OK | |
| r-release-windows-x86_64 | 1.6-1.2 | 13.00 | 101.00 | 114.00 | OK | |
| r-oldrel-macos-arm64 | 1.6-1.2 | 5.00 | 47.00 | 52.00 | OK | |
| r-oldrel-macos-x86_64 | 1.6-1.2 | 18.00 | 92.00 | 110.00 | OK | |
| r-oldrel-windows-x86_64 | 1.6-1.2 | 17.00 | 121.00 | 138.00 | OK |
Version: 1.6-1.2
Check: HTML version of manual
Result: NOTE
Found the following HTML validation problems:
asSurv-methods.html:52:1 (asSurv-methods.Rd:20): Warning: missing </ul> before </div>
predict-methods.html:97:1 (predict-methods.Rd:55): Warning: missing </ul> before </div>
summary-methods.html:68:1 (summary-methods.Rd:30): Warning: missing </ul> before </div>
Flavor: r-devel-linux-x86_64-debian-clang