Last updated on 2025-10-24 04:50:59 CEST.
| Flavor | Version | Tinstall | Tcheck | Ttotal | Status | Flags |
|---|---|---|---|---|---|---|
| r-devel-linux-x86_64-debian-clang | 2.0.1 | 17.68 | 159.27 | 176.95 | NOTE | |
| r-devel-linux-x86_64-debian-gcc | 2.0.1 | 11.95 | 106.98 | 118.93 | OK | |
| r-devel-linux-x86_64-fedora-clang | 2.0.1 | 91.00 | 203.73 | 294.73 | NOTE | |
| r-devel-linux-x86_64-fedora-gcc | 2.0.1 | 82.00 | 196.94 | 278.94 | NOTE | |
| r-devel-windows-x86_64 | 2.0.1 | 21.00 | 158.00 | 179.00 | OK | |
| r-patched-linux-x86_64 | 2.0.1 | 19.99 | 147.41 | 167.40 | OK | |
| r-release-linux-x86_64 | 2.0.1 | 19.50 | 146.36 | 165.86 | OK | |
| r-release-macos-arm64 | 2.0.1 | 8.00 | 43.00 | 51.00 | OK | |
| r-release-macos-x86_64 | 2.0.1 | 19.00 | 139.00 | 158.00 | OK | |
| r-release-windows-x86_64 | 2.0.1 | 22.00 | 164.00 | 186.00 | OK | |
| r-oldrel-macos-arm64 | 2.0.1 | 6.00 | 45.00 | 51.00 | OK | |
| r-oldrel-macos-x86_64 | 2.0.1 | 16.00 | 112.00 | 128.00 | OK | |
| r-oldrel-windows-x86_64 | 2.0.1 | 27.00 | 212.00 | 239.00 | OK |
Version: 2.0.1
Check: HTML version of manual
Result: NOTE
Found the following HTML validation problems:
print.NADAList.html:51:1 (print.NADAList.Rd:12): Warning: missing </ul> before </div>
Flavor: r-devel-linux-x86_64-debian-clang
Version: 2.0.1
Check: dependencies in R code
Result: NOTE
Namespaces in Imports field not imported from:
‘Kendall’ ‘methods’ ‘perm’
All declared Imports should be used.
Flavors: r-devel-linux-x86_64-fedora-clang, r-devel-linux-x86_64-fedora-gcc