Last updated on 2025-10-24 04:50:59 CEST.
| Flavor | Version | Tinstall | Tcheck | Ttotal | Status | Flags |
|---|---|---|---|---|---|---|
| r-devel-linux-x86_64-debian-clang | 0.1.5 | 3.51 | 54.63 | 58.14 | NOTE | |
| r-devel-linux-x86_64-debian-gcc | 0.1.5 | 3.21 | 37.93 | 41.14 | NOTE | |
| r-devel-linux-x86_64-fedora-clang | 0.1.5 | 10.00 | 87.01 | 97.01 | OK | |
| r-devel-linux-x86_64-fedora-gcc | 0.1.5 | 101.76 | OK | |||
| r-devel-windows-x86_64 | 0.1.5 | 6.00 | 67.00 | 73.00 | OK | |
| r-patched-linux-x86_64 | 0.1.5 | 4.31 | 52.36 | 56.67 | OK | |
| r-release-linux-x86_64 | 0.1.5 | 4.44 | 52.57 | 57.01 | OK | |
| r-release-macos-arm64 | 0.1.5 | 2.00 | 34.00 | 36.00 | OK | |
| r-release-macos-x86_64 | 0.1.5 | 3.00 | 64.00 | 67.00 | OK | |
| r-release-windows-x86_64 | 0.1.5 | 6.00 | 69.00 | 75.00 | OK | |
| r-oldrel-macos-arm64 | 0.1.5 | 2.00 | 29.00 | 31.00 | OK | |
| r-oldrel-macos-x86_64 | 0.1.5 | 4.00 | 45.00 | 49.00 | OK | |
| r-oldrel-windows-x86_64 | 0.1.5 | 7.00 | 82.00 | 89.00 | OK |
Version: 0.1.5
Check: CRAN incoming feasibility
Result: NOTE
Maintainer: ‘Zeus Gracia-Tabuenca <zgtabuenca@comunidad.unam.mx>’
Package CITATION file contains call(s) to old-style personList() or
as.personList(). Please use c() on person objects instead.
Package CITATION file contains call(s) to old-style citEntry(). Please
use bibentry() instead.
Flavors: r-devel-linux-x86_64-debian-clang, r-devel-linux-x86_64-debian-gcc