Last updated on 2025-10-24 04:50:59 CEST.
| Flavor | Version | Tinstall | Tcheck | Ttotal | Status | Flags |
|---|---|---|---|---|---|---|
| r-devel-linux-x86_64-debian-clang | 1.0 | 35.05 | 266.67 | 301.72 | OK | |
| r-devel-linux-x86_64-debian-gcc | 1.0 | 26.34 | 182.74 | 209.08 | OK | |
| r-devel-linux-x86_64-fedora-clang | 1.0 | 84.00 | 398.12 | 482.12 | NOTE | |
| r-devel-linux-x86_64-fedora-gcc | 1.0 | 67.00 | 380.13 | 447.13 | NOTE | |
| r-devel-windows-x86_64 | 1.0 | 28.00 | 239.00 | 267.00 | OK | |
| r-patched-linux-x86_64 | 1.0 | 32.57 | 254.00 | 286.57 | OK | |
| r-release-linux-x86_64 | 1.0 | 32.88 | 254.53 | 287.41 | OK | |
| r-release-macos-arm64 | 1.0 | 12.00 | 131.00 | 143.00 | OK | |
| r-release-macos-x86_64 | 1.0 | 21.00 | 194.00 | 215.00 | OK | |
| r-release-windows-x86_64 | 1.0 | 27.00 | 238.00 | 265.00 | OK | |
| r-oldrel-macos-arm64 | 1.0 | 9.00 | 94.00 | 103.00 | OK | |
| r-oldrel-macos-x86_64 | 1.0 | 14.00 | 142.00 | 156.00 | OK | |
| r-oldrel-windows-x86_64 | 1.0 | 37.00 | 313.00 | 350.00 | OK |
Version: 1.0
Check: dependencies in R code
Result: NOTE
Namespace in Imports field not imported from: ‘magick’
All declared Imports should be used.
Flavors: r-devel-linux-x86_64-fedora-clang, r-devel-linux-x86_64-fedora-gcc