Last updated on 2025-10-22 05:51:18 CEST.
| Flavor | Version | Tinstall | Tcheck | Ttotal | Status | Flags |
|---|---|---|---|---|---|---|
| r-devel-linux-x86_64-debian-clang | 1.2.5 | 4.47 | 51.99 | 56.46 | OK | |
| r-devel-linux-x86_64-debian-gcc | 1.2.5 | 3.08 | 37.84 | 40.92 | OK | |
| r-devel-linux-x86_64-fedora-clang | 1.2.5 | 14.00 | 74.04 | 88.04 | NOTE | |
| r-devel-linux-x86_64-fedora-gcc | 1.2.5 | 93.56 | NOTE | |||
| r-devel-windows-x86_64 | 1.2.5 | 7.00 | 70.00 | 77.00 | OK | |
| r-patched-linux-x86_64 | 1.2.5 | 4.36 | 47.51 | 51.87 | OK | |
| r-release-linux-x86_64 | 1.2.5 | 3.43 | 47.43 | 50.86 | OK | |
| r-release-macos-arm64 | 1.2.5 | 2.00 | 72.00 | 74.00 | OK | |
| r-release-macos-x86_64 | 1.2.5 | 7.00 | 100.00 | 107.00 | OK | |
| r-release-windows-x86_64 | 1.2.5 | 7.00 | 78.00 | 85.00 | OK | |
| r-oldrel-macos-arm64 | 1.2.5 | 2.00 | 83.00 | 85.00 | OK | |
| r-oldrel-macos-x86_64 | 1.2.5 | 7.00 | 113.00 | 120.00 | OK | |
| r-oldrel-windows-x86_64 | 1.2.5 | 9.00 | 81.00 | 90.00 | OK |
Version: 1.2.5
Check: dependencies in R code
Result: NOTE
Namespace in Imports field not imported from: ‘tibble’
All declared Imports should be used.
Flavors: r-devel-linux-x86_64-fedora-clang, r-devel-linux-x86_64-fedora-gcc