Last updated on 2025-10-22 05:51:19 CEST.
Flavor | Version | Tinstall | Tcheck | Ttotal | Status | Flags |
---|---|---|---|---|---|---|
r-devel-linux-x86_64-debian-clang | 1.0.2 | 16.13 | 133.46 | 149.59 | NOTE | |
r-devel-linux-x86_64-debian-gcc | 1.0.2 | 12.47 | 96.12 | 108.59 | NOTE | |
r-devel-linux-x86_64-fedora-clang | 1.0.2 | 46.00 | 177.58 | 223.58 | OK | |
r-devel-linux-x86_64-fedora-gcc | 1.0.2 | 49.00 | 205.97 | 254.97 | OK | |
r-devel-windows-x86_64 | 1.0.2 | 15.00 | 131.00 | 146.00 | OK | |
r-patched-linux-x86_64 | 1.0.2 | 15.42 | 131.54 | 146.96 | OK | |
r-release-linux-x86_64 | 1.0.2 | 16.31 | 128.47 | 144.78 | OK | |
r-release-macos-arm64 | 1.0.2 | 9.00 | 72.00 | 81.00 | OK | |
r-release-macos-x86_64 | 1.0.2 | 17.00 | 157.00 | 174.00 | OK | |
r-release-windows-x86_64 | 1.0.2 | 15.00 | 129.00 | 144.00 | OK | |
r-oldrel-macos-arm64 | 1.0.2 | 8.00 | 57.00 | 65.00 | OK | |
r-oldrel-macos-x86_64 | 1.0.2 | 13.00 | 105.00 | 118.00 | OK | |
r-oldrel-windows-x86_64 | 1.0.2 | 20.00 | 162.00 | 182.00 | OK |
Version: 1.0.2
Check: CRAN incoming feasibility
Result: NOTE
Maintainer: ‘Lennart Johansson <l.johansson@umcg.nl>’
No Authors@R field in DESCRIPTION.
Please add one, modifying
Authors@R: c(person(given = "Dirk",
family = "de Weerd",
role = "aut"),
person(given = "Lennart",
family = "Johansson",
role = c("aut", "cre"),
email = "l.johansson@umcg.nl"))
as necessary.
Flavors: r-devel-linux-x86_64-debian-clang, r-devel-linux-x86_64-debian-gcc
Version: 1.0.2
Check: HTML version of manual
Result: NOTE
Found the following HTML validation problems:
chrfractions.html:46:1 (chrfractions.Rd:10): Warning: missing </ul> before </div>
getcontrolchromosomes.html:51:1 (getcontrolchromosomes.Rd:13): Warning: missing </ul> before </div>
getfractionscontrolgroup.html:47:1 (getfractionscontrolgroup.Rd:11): Warning: missing </ul> before </div>
getreadscontrolgroup.html:46:1 (getreadscontrolgroup.Rd:10): Warning: missing </ul> before </div>
retrieve_fractions_of_interest.html:56:1 (retrieve_fractions_of_interest.Rd:16): Warning: missing </ul> before </div>
Flavors: r-devel-linux-x86_64-debian-clang, r-devel-linux-x86_64-debian-gcc