Last updated on 2025-07-21 08:50:10 CEST.
Flavor | Version | Tinstall | Tcheck | Ttotal | Status | Flags |
---|---|---|---|---|---|---|
r-devel-linux-x86_64-debian-clang | 1.1 | 9.07 | 85.43 | 94.50 | NOTE | |
r-devel-linux-x86_64-debian-gcc | 1.1 | 6.71 | 59.34 | 66.05 | NOTE | |
r-devel-linux-x86_64-fedora-clang | 1.1 | 148.06 | OK | |||
r-devel-linux-x86_64-fedora-gcc | 1.1 | 141.79 | OK | |||
r-devel-windows-x86_64 | 1.1 | 12.00 | 85.00 | 97.00 | OK | |
r-patched-linux-x86_64 | 1.1 | 9.86 | 79.94 | 89.80 | OK | |
r-release-linux-x86_64 | 1.1 | 8.10 | 79.87 | 87.97 | OK | |
r-release-macos-arm64 | 1.1 | 38.00 | OK | |||
r-release-macos-x86_64 | 1.1 | 69.00 | OK | |||
r-release-windows-x86_64 | 1.1 | 10.00 | 88.00 | 98.00 | OK | |
r-oldrel-macos-arm64 | 1.1 | 36.00 | OK | |||
r-oldrel-macos-x86_64 | 1.1 | 59.00 | OK | |||
r-oldrel-windows-x86_64 | 1.1 | 14.00 | 112.00 | 126.00 | OK |
Version: 1.1
Check: CRAN incoming feasibility
Result: NOTE
Maintainer: ‘Yikai Wang <johnzon.wyk@gmail.com>’
No Authors@R field in DESCRIPTION.
Please add one, modifying
Authors@R: c(person(given = "Yikai",
family = "Wang",
role = c("aut", "cre"),
email = "johnzon.wyk@gmail.com"),
person(given = "Xiao",
family = "Wang",
role = "aut"))
as necessary.
Flavors: r-devel-linux-x86_64-debian-clang, r-devel-linux-x86_64-debian-gcc