Last updated on 2025-10-22 05:51:19 CEST.
Flavor | Version | Tinstall | Tcheck | Ttotal | Status | Flags |
---|---|---|---|---|---|---|
r-devel-linux-x86_64-debian-clang | 0.29.11 | 7.28 | 70.41 | 77.69 | NOTE | |
r-devel-linux-x86_64-debian-gcc | 0.29.11 | 4.43 | 51.46 | 55.89 | NOTE | |
r-devel-linux-x86_64-fedora-clang | 0.29.11 | 21.00 | 105.85 | 126.85 | NOTE | |
r-devel-linux-x86_64-fedora-gcc | 0.29.11 | 16.00 | 115.26 | 131.26 | NOTE | |
r-devel-windows-x86_64 | 0.29.11 | 9.00 | 81.00 | 90.00 | NOTE | |
r-patched-linux-x86_64 | 0.29.11 | 7.77 | 68.69 | 76.46 | NOTE | |
r-release-linux-x86_64 | 0.29.11 | 7.46 | 68.26 | 75.72 | NOTE | |
r-release-macos-arm64 | 0.29.11 | 4.00 | 55.00 | 59.00 | NOTE | |
r-release-macos-x86_64 | 0.29.11 | 7.00 | 82.00 | 89.00 | NOTE | |
r-release-windows-x86_64 | 0.29.11 | 10.00 | 82.00 | 92.00 | NOTE | |
r-oldrel-macos-arm64 | 0.29.11 | 3.00 | 36.00 | 39.00 | NOTE | |
r-oldrel-macos-x86_64 | 0.29.11 | 5.00 | 57.00 | 62.00 | NOTE | |
r-oldrel-windows-x86_64 | 0.29.11 | 14.00 | 98.00 | 112.00 | NOTE |
Version: 0.29.11
Check: CRAN incoming feasibility
Result: NOTE
Maintainer: ‘Roger Day <day01@pitt.edu>’
No Authors@R field in DESCRIPTION.
Please add one, modifying
Authors@R: person(given = "Roger",
family = "Day",
role = c("aut", "cre"),
email = "day01@pitt.edu")
as necessary.
Flavors: r-devel-linux-x86_64-debian-clang, r-devel-linux-x86_64-debian-gcc
Version: 0.29.11
Check: Rd files
Result: NOTE
checkRd: (-1) ROCplots.Rd:35: Lost braces in \itemize; meant \describe ?
checkRd: (-1) ROCplots.Rd:36: Lost braces in \itemize; meant \describe ?
checkRd: (-1) ROCplots.Rd:37: Lost braces in \itemize; meant \describe ?
checkRd: (-1) ROCplots.Rd:38: Lost braces in \itemize; meant \describe ?
checkRd: (-1) ROCplots.Rd:39: Lost braces in \itemize; meant \describe ?
checkRd: (-1) ROCplots.Rd:40: Lost braces in \itemize; meant \describe ?
Flavors: r-devel-linux-x86_64-debian-clang, r-devel-linux-x86_64-debian-gcc, r-devel-linux-x86_64-fedora-clang, r-devel-linux-x86_64-fedora-gcc, r-devel-windows-x86_64, r-patched-linux-x86_64, r-release-linux-x86_64, r-release-macos-arm64, r-release-macos-x86_64, r-release-windows-x86_64, r-oldrel-macos-arm64, r-oldrel-macos-x86_64, r-oldrel-windows-x86_64
Version: 0.29.11
Check: HTML version of manual
Result: NOTE
Found the following HTML validation problems:
binom.confint.html:58:1 (binom.confint.Rd:16): Warning: missing </ul> before </div>
Flavors: r-devel-linux-x86_64-debian-clang, r-devel-linux-x86_64-debian-gcc