CRAN Package Check Results for Package Neighboot

Last updated on 2025-07-21 08:50:10 CEST.

Flavor Version Tinstall Tcheck Ttotal Status Flags
r-devel-linux-x86_64-debian-clang 1.0.1 9.85 70.62 80.47 NOTE
r-devel-linux-x86_64-debian-gcc 1.0.1 6.76 49.66 56.42 NOTE
r-devel-linux-x86_64-fedora-clang 1.0.1 128.96 OK
r-devel-linux-x86_64-fedora-gcc 1.0.1 112.41 OK
r-devel-windows-x86_64 1.0.1 11.00 77.00 88.00 OK
r-patched-linux-x86_64 1.0.1 8.37 62.77 71.14 OK
r-release-linux-x86_64 1.0.1 8.70 64.22 72.92 OK
r-release-macos-arm64 1.0.1 48.00 OK
r-release-macos-x86_64 1.0.1 58.00 OK
r-release-windows-x86_64 1.0.1 11.00 76.00 87.00 OK
r-oldrel-macos-arm64 1.0.1 47.00 OK
r-oldrel-macos-x86_64 1.0.1 67.00 OK
r-oldrel-windows-x86_64 1.0.1 15.00 92.00 107.00 OK

Check Details

Version: 1.0.1
Check: CRAN incoming feasibility
Result: NOTE Maintainer: ‘Mamadou Yauck <yauck.mamadou@uqam.ca>’ No Authors@R field in DESCRIPTION. Please add one, modifying Authors@R: c(person(given = "Mamadou", family = "Yauck", role = c("aut", "cre"), email = "yauck.mamadou@uqam.ca"), person(given = c("Erica", "E.", "M."), family = "Moodie", role = "aut")) as necessary. Flavors: r-devel-linux-x86_64-debian-clang, r-devel-linux-x86_64-debian-gcc