CRAN Package Check Results for Package NetLogoR

Last updated on 2025-07-21 08:50:10 CEST.

Flavor Version Tinstall Tcheck Ttotal Status Flags
r-devel-linux-x86_64-debian-clang 1.0.5 36.57 304.67 341.24 NOTE
r-devel-linux-x86_64-debian-gcc 1.0.5 23.06 184.22 207.28 NOTE
r-devel-linux-x86_64-fedora-clang 1.0.5 560.27 OK
r-devel-linux-x86_64-fedora-gcc 1.0.5 525.91 OK
r-devel-windows-x86_64 1.0.5 36.00 265.00 301.00 NOTE
r-patched-linux-x86_64 1.0.5 38.99 281.12 320.11 NOTE
r-release-linux-x86_64 1.0.5 37.46 282.70 320.16 NOTE
r-release-macos-arm64 1.0.5 118.00 OK
r-release-macos-x86_64 1.0.5 294.00 OK
r-release-windows-x86_64 1.0.5 36.00 274.00 310.00 NOTE
r-oldrel-macos-arm64 1.0.5 98.00 NOTE
r-oldrel-macos-x86_64 1.0.5 223.00 NOTE
r-oldrel-windows-x86_64 1.0.5 50.00 365.00 415.00 NOTE

Check Details

Version: 1.0.5
Check: Rd cross-references
Result: NOTE Found the following Rd file(s) with Rd \link{} targets missing package anchors: bbox.Rd: extent, coordinates coordinates.Rd: extent extent.Rd: coordinates Please provide package anchors for all Rd \link{} targets not in the package itself and the base packages. Flavors: r-devel-linux-x86_64-debian-clang, r-devel-linux-x86_64-debian-gcc, r-devel-windows-x86_64, r-patched-linux-x86_64, r-release-linux-x86_64, r-release-windows-x86_64

Version: 1.0.5
Check: package dependencies
Result: NOTE Package suggested but not available for checking: ‘fastshp’ Flavors: r-oldrel-macos-arm64, r-oldrel-macos-x86_64, r-oldrel-windows-x86_64