Last updated on 2025-10-24 04:51:00 CEST.
| Flavor | Version | Tinstall | Tcheck | Ttotal | Status | Flags |
|---|---|---|---|---|---|---|
| r-devel-linux-x86_64-debian-clang | 1.0.1.1 | 1.82 | 18.90 | 20.72 | NOTE | |
| r-devel-linux-x86_64-debian-gcc | 1.0.1.1 | 1.40 | 15.53 | 16.93 | NOTE | |
| r-devel-linux-x86_64-fedora-clang | 1.0.1.1 | 30.85 | OK | |||
| r-devel-linux-x86_64-fedora-gcc | 1.0.1.1 | 29.02 | OK | |||
| r-devel-windows-x86_64 | 1.0.1.1 | 3.00 | 37.00 | 40.00 | OK | |
| r-patched-linux-x86_64 | 1.0.1.1 | 1.85 | 17.93 | 19.78 | OK | |
| r-release-linux-x86_64 | 1.0.1.1 | 1.82 | 17.97 | 19.79 | OK | |
| r-release-macos-arm64 | 1.0.1.1 | 1.00 | 15.00 | 16.00 | OK | |
| r-release-macos-x86_64 | 1.0.1.1 | 2.00 | 24.00 | 26.00 | OK | |
| r-release-windows-x86_64 | 1.0.1.1 | 3.00 | 40.00 | 43.00 | OK | |
| r-oldrel-macos-arm64 | 1.0.1.1 | 1.00 | 15.00 | 16.00 | OK | |
| r-oldrel-macos-x86_64 | 1.0.1.1 | 2.00 | 19.00 | 21.00 | OK | |
| r-oldrel-windows-x86_64 | 1.0.1.1 | 3.00 | 41.00 | 44.00 | OK |
Version: 1.0.1.1
Check: CRAN incoming feasibility
Result: NOTE
Maintainer: ‘Max Hughes-Brandl <gordonmax@hotmail.de>’
No Authors@R field in DESCRIPTION.
Please add one, modifying
Authors@R: person(given = "Max",
family = "Hughes-Brandl",
role = c("aut", "cre"),
email = "gordonmax@hotmail.de")
as necessary.
Flavors: r-devel-linux-x86_64-debian-clang, r-devel-linux-x86_64-debian-gcc