CRAN Package Check Results for Package NlsyLinks

Last updated on 2025-10-22 05:51:19 CEST.

Flavor Version Tinstall Tcheck Ttotal Status Flags
r-devel-linux-x86_64-debian-clang 2.2.3 3.34 100.63 103.97 NOTE
r-devel-linux-x86_64-debian-gcc 2.2.3 2.95 67.88 70.83 NOTE
r-devel-linux-x86_64-fedora-clang 2.2.3 11.00 153.86 164.86 OK
r-devel-linux-x86_64-fedora-gcc 2.2.3 167.76 OK
r-devel-windows-x86_64 2.2.3 7.00 111.00 118.00 OK
r-patched-linux-x86_64 2.2.3 4.90 94.02 98.92 OK
r-release-linux-x86_64 2.2.3 3.08 96.79 99.87 OK
r-release-macos-arm64 2.2.3 2.00 58.00 60.00 OK
r-release-macos-x86_64 2.2.3 3.00 136.00 139.00 OK
r-release-windows-x86_64 2.2.3 8.00 111.00 119.00 OK
r-oldrel-macos-arm64 2.2.3 3.00 61.00 64.00 OK
r-oldrel-macos-x86_64 2.2.3 5.00 141.00 146.00 OK
r-oldrel-windows-x86_64 2.2.3 9.00 150.00 159.00 OK

Check Details

Version: 2.2.3
Check: HTML version of manual
Result: NOTE Found the following HTML validation problems: GetDetails-methods.html:46:1 (GetDetails-methods.Rd:12): Warning: missing </ul> before </div> Flavors: r-devel-linux-x86_64-debian-clang, r-devel-linux-x86_64-debian-gcc