Last updated on 2025-10-24 04:51:00 CEST.
| Flavor | Version | Tinstall | Tcheck | Ttotal | Status | Flags |
|---|---|---|---|---|---|---|
| r-devel-linux-x86_64-debian-clang | 4.0.0 | 15.25 | 275.90 | 291.15 | NOTE | |
| r-devel-linux-x86_64-debian-gcc | 4.0.0 | 10.56 | 183.84 | 194.40 | OK | |
| r-devel-linux-x86_64-fedora-clang | 4.0.0 | 40.00 | 414.26 | 454.26 | OK | |
| r-devel-linux-x86_64-fedora-gcc | 4.0.0 | 31.00 | 419.45 | 450.45 | OK | |
| r-devel-windows-x86_64 | 4.0.0 | 16.00 | 249.00 | 265.00 | OK | |
| r-patched-linux-x86_64 | 4.0.0 | 17.20 | 262.93 | 280.13 | OK | |
| r-release-linux-x86_64 | 4.0.0 | 15.20 | 257.67 | 272.87 | OK | |
| r-release-macos-arm64 | 4.0.0 | 7.00 | 111.00 | 118.00 | OK | |
| r-release-macos-x86_64 | 4.0.0 | 17.00 | 213.00 | 230.00 | OK | |
| r-release-windows-x86_64 | 4.0.0 | 17.00 | 252.00 | 269.00 | OK | |
| r-oldrel-macos-arm64 | 4.0.0 | 8.00 | 90.00 | 98.00 | NOTE | |
| r-oldrel-macos-x86_64 | 4.0.0 | 14.00 | 219.00 | 233.00 | NOTE | |
| r-oldrel-windows-x86_64 | 4.0.0 | 17.00 | 325.00 | 342.00 | NOTE |
Version: 4.0.0
Check: HTML version of manual
Result: NOTE
Found the following HTML validation problems:
calc_permeability.html:58:1 (calc_permeability.Rd:16): Warning: missing </ul> before </div>
ind_permeability.html:46:1 (ind_permeability.Rd:10): Warning: missing </ul> before </div>
ind_psp.html:50:1 (ind_psp.Rd:12): Warning: missing </ul> before </div>
obic_evalmeasure.html:50:1 (obic_evalmeasure.Rd:12): Warning: missing </ul> before </div>
obic_recommendations.html:46:1 (obic_recommendations.Rd:10): Warning: missing </ul> before </div>
obic_recommendations_bkp.html:54:1 (obic_recommendations_bkp.Rd:14): Warning: missing </ul> before </div>
Flavor: r-devel-linux-x86_64-debian-clang
Version: 4.0.0
Check: installed package size
Result: NOTE
installed size is 7.4Mb
sub-directories of 1Mb or more:
data 5.5Mb
doc 1.4Mb
Flavors: r-oldrel-macos-arm64, r-oldrel-macos-x86_64, r-oldrel-windows-x86_64