Last updated on 2025-10-24 04:51:00 CEST.
| Flavor | Version | Tinstall | Tcheck | Ttotal | Status | Flags |
|---|---|---|---|---|---|---|
| r-devel-linux-x86_64-debian-clang | 1.2.3 | 71.96 | 469.81 | 541.77 | OK | |
| r-devel-linux-x86_64-debian-gcc | 1.2.3 | 51.94 | 315.32 | 367.26 | OK | |
| r-devel-linux-x86_64-fedora-clang | 1.2.3 | 314.00 | 604.31 | 918.31 | OK | |
| r-devel-linux-x86_64-fedora-gcc | 1.2.3 | 146.00 | 691.29 | 837.29 | OK | |
| r-devel-windows-x86_64 | 1.2.3 | 79.00 | 376.00 | 455.00 | OK | |
| r-patched-linux-x86_64 | 1.2.3 | 75.34 | 445.26 | 520.60 | OK | |
| r-release-linux-x86_64 | 1.2.3 | 69.09 | 445.79 | 514.88 | OK | |
| r-release-macos-arm64 | 1.2.3 | 34.00 | 124.00 | 158.00 | OK | |
| r-release-macos-x86_64 | 1.2.3 | 66.00 | 246.00 | 312.00 | OK | |
| r-release-windows-x86_64 | 1.2.3 | 81.00 | 378.00 | 459.00 | OK | |
| r-oldrel-macos-arm64 | 1.2.3 | 32.00 | 125.00 | 157.00 | NOTE | |
| r-oldrel-macos-x86_64 | 1.2.3 | 62.00 | 268.00 | 330.00 | NOTE | |
| r-oldrel-windows-x86_64 | 1.2.3 | 105.00 | 522.00 | 627.00 | OK |
Version: 1.2.3
Check: installed package size
Result: NOTE
installed size is 6.1Mb
sub-directories of 1Mb or more:
data 2.6Mb
libs 2.1Mb
Flavors: r-oldrel-macos-arm64, r-oldrel-macos-x86_64